CRAN Package Check Results for Package api2lm

Last updated on 2024-06-05 00:48:43 CEST.

Flavor Version Tinstall Tcheck Ttotal Status Flags
r-devel-linux-x86_64-debian-clang 0.2 4.91 79.13 84.04 NOTE
r-devel-linux-x86_64-debian-gcc 0.2 3.44 59.59 63.03 NOTE
r-devel-linux-x86_64-fedora-clang 0.2 106.19 NOTE
r-devel-linux-x86_64-fedora-gcc 0.2 107.99 NOTE
r-devel-windows-x86_64 0.2 7.00 84.00 91.00 NOTE
r-patched-linux-x86_64 0.2 5.92 76.05 81.97 NOTE
r-release-linux-x86_64 0.2 4.71 72.93 77.64 NOTE
r-release-macos-arm64 0.2 37.00 NOTE
r-release-windows-x86_64 0.2 7.00 85.00 92.00 NOTE
r-oldrel-macos-arm64 0.2 56.00 OK
r-oldrel-macos-x86_64 0.2 110.00 OK
r-oldrel-windows-x86_64 0.2 8.00 101.00 109.00 OK

Check Details

Version: 0.2
Check: Rd files
Result: NOTE checkRd: (-1) predict_adjust.Rd:77: Lost braces in \itemize; \value handles \item{}{} directly checkRd: (-1) predict_adjust.Rd:78: Lost braces in \itemize; \value handles \item{}{} directly checkRd: (-1) predict_adjust.Rd:79: Lost braces in \itemize; \value handles \item{}{} directly checkRd: (-1) predict_adjust.Rd:80: Lost braces in \itemize; \value handles \item{}{} directly checkRd: (-1) print.predict_adjust.Rd:32: Lost braces in \itemize; \value handles \item{}{} directly checkRd: (-1) print.predict_adjust.Rd:33: Lost braces in \itemize; \value handles \item{}{} directly checkRd: (-1) print.predict_adjust.Rd:34: Lost braces in \itemize; \value handles \item{}{} directly checkRd: (-1) print.predict_adjust.Rd:35: Lost braces in \itemize; \value handles \item{}{} directly Flavors: r-devel-linux-x86_64-debian-clang, r-devel-linux-x86_64-debian-gcc, r-devel-linux-x86_64-fedora-clang, r-devel-linux-x86_64-fedora-gcc, r-devel-windows-x86_64, r-patched-linux-x86_64, r-release-linux-x86_64, r-release-macos-arm64, r-release-windows-x86_64