CRAN Package Check Results for Package ape

Last updated on 2024-04-16 16:50:16 CEST.

Flavor Version Tinstall Tcheck Ttotal Status Flags
r-devel-linux-x86_64-debian-clang 5.8 77.97 302.37 380.34 OK
r-devel-linux-x86_64-debian-gcc 5.8 58.39 216.83 275.22 OK
r-devel-linux-x86_64-fedora-clang 5.8 461.67 OK
r-devel-linux-x86_64-fedora-gcc 5.8 485.10 OK
r-prerel-macos-arm64 5.8 130.00 NOTE
r-prerel-macos-x86_64 5.8 381.00 NOTE
r-prerel-windows-x86_64 5.8 68.00 362.00 430.00 OK
r-patched-linux-x86_64 5.7-1 75.21 276.68 351.89 NOTE
r-release-linux-x86_64 5.8 62.95 281.23 344.18 OK
r-release-macos-arm64 5.8 129.00 NOTE
r-release-macos-x86_64 5.8 349.00 NOTE
r-release-windows-x86_64 5.8 69.00 364.00 433.00 OK
r-oldrel-macos-arm64 5.8 118.00 OK
r-oldrel-windows-x86_64 5.8 88.00 361.00 449.00 OK

Check Details

Version: 5.8
Check: installed package size
Result: NOTE installed size is 5.9Mb sub-directories of 1Mb or more: R 2.0Mb doc 1.2Mb libs 1.6Mb Flavors: r-prerel-macos-arm64, r-prerel-macos-x86_64, r-release-macos-arm64, r-release-macos-x86_64

Version: 5.7-1
Check: Rd files
Result: NOTE checkRd: (-1) bd.time.Rd:50-51: Lost braces in \itemize; \value handles \item{}{} directly checkRd: (-1) bd.time.Rd:52: Lost braces in \itemize; \value handles \item{}{} directly checkRd: (-1) bd.time.Rd:53-54: Lost braces in \itemize; \value handles \item{}{} directly checkRd: (-1) bd.time.Rd:55: Lost braces in \itemize; \value handles \item{}{} directly checkRd: (-1) bd.time.Rd:56: Lost braces in \itemize; \value handles \item{}{} directly checkRd: (-1) bd.time.Rd:57: Lost braces in \itemize; \value handles \item{}{} directly checkRd: (-1) chronos.Rd:73-74: Lost braces in \itemize; meant \describe ? checkRd: (-1) chronos.Rd:75-76: Lost braces in \itemize; meant \describe ? checkRd: (-1) chronos.Rd:77-78: Lost braces in \itemize; meant \describe ? checkRd: (-1) chronos.Rd:79-81: Lost braces in \itemize; meant \describe ? checkRd: (-1) chronos.Rd:82-83: Lost braces in \itemize; meant \describe ? checkRd: (-1) chronos.Rd:84: Lost braces in \itemize; meant \describe ? checkRd: (-1) corClasses.Rd:10: Lost braces in \itemize; meant \describe ? checkRd: (-1) corClasses.Rd:11-12: Lost braces in \itemize; meant \describe ? checkRd: (-1) corClasses.Rd:13: Lost braces in \itemize; meant \describe ? checkRd: (-1) corClasses.Rd:14: Lost braces in \itemize; meant \describe ? checkRd: (-1) corClasses.Rd:15: Lost braces in \itemize; meant \describe ? checkRd: (-1) delta.plot.Rd:32-33: Lost braces in \itemize; \value handles \item{}{} directly checkRd: (-1) delta.plot.Rd:34-35: Lost braces in \itemize; \value handles \item{}{} directly checkRd: (-1) dist.dna.Rd:47-50: Lost braces in \itemize; meant \describe ? checkRd: (-1) dist.dna.Rd:52-53: Lost braces in \itemize; meant \describe ? checkRd: (-1) dist.dna.Rd:55-62: Lost braces in \itemize; meant \describe ? checkRd: (-1) dist.dna.Rd:64-77: Lost braces in \itemize; meant \describe ? checkRd: (-1) dist.dna.Rd:79-81: Lost braces in \itemize; meant \describe ? checkRd: (-1) dist.dna.Rd:83-87: Lost braces in \itemize; meant \describe ? checkRd: (-1) dist.dna.Rd:89-93: Lost braces in \itemize; meant \describe ? checkRd: (-1) dist.dna.Rd:95-97: Lost braces in \itemize; meant \describe ? checkRd: (-1) dist.dna.Rd:99-103: Lost braces in \itemize; meant \describe ? checkRd: (-1) dist.dna.Rd:105-109: Lost braces in \itemize; meant \describe ? checkRd: (-1) dist.dna.Rd:111-113: Lost braces in \itemize; meant \describe ? checkRd: (-1) dist.dna.Rd:115-120: Lost braces in \itemize; meant \describe ? checkRd: (-1) dist.dna.Rd:122-123: Lost braces in \itemize; meant \describe ? checkRd: (-1) dist.dna.Rd:125-126: Lost braces in \itemize; meant \describe ? checkRd: (-1) dist.dna.Rd:128-131: Lost braces in \itemize; meant \describe ? checkRd: (-1) makeNodeLabel.Rd:26-28: Lost braces in \itemize; meant \describe ? checkRd: (-1) makeNodeLabel.Rd:29-33: Lost braces in \itemize; meant \describe ? checkRd: (-1) makeNodeLabel.Rd:34-40: Lost braces in \itemize; meant \describe ? checkRd: (-1) rTraitCont.Rd:35-41: Lost braces in \itemize; meant \describe ? checkRd: (-1) rTraitCont.Rd:43-48: Lost braces in \itemize; meant \describe ? checkRd: (-1) rTraitCont.Rd:50-53: Lost braces in \itemize; meant \describe ? checkRd: (-1) rTraitDisc.Rd:43-44: Lost braces in \itemize; meant \describe ? checkRd: (-1) rTraitDisc.Rd:46-51: Lost braces in \itemize; meant \describe ? checkRd: (-1) rTraitDisc.Rd:53-55: Lost braces in \itemize; meant \describe ? checkRd: (-1) read.dna.Rd:67-72: Lost braces in \itemize; meant \describe ? checkRd: (-1) read.dna.Rd:74-77: Lost braces in \itemize; meant \describe ? checkRd: (-1) read.dna.Rd:79-82: Lost braces in \itemize; meant \describe ? checkRd: (-1) read.dna.Rd:84-89: Lost braces in \itemize; meant \describe ? checkRd: (-1) read.nexus.data.Rd:34-41: Lost braces in \itemize; meant \describe ? checkRd: (-1) read.nexus.data.Rd:42-45: Lost braces in \itemize; meant \describe ? checkRd: (-1) read.nexus.data.Rd:46-51: Lost braces in \itemize; meant \describe ? checkRd: (-1) read.nexus.data.Rd:52-60: Lost braces in \itemize; meant \describe ? checkRd: (-1) read.nexus.data.Rd:61-68: Lost braces in \itemize; meant \describe ? checkRd: (-1) read.nexus.data.Rd:69-74: Lost braces in \itemize; meant \describe ? checkRd: (-1) read.nexus.data.Rd:75-98: Lost braces in \itemize; meant \describe ? checkRd: (-1) stree.Rd:23: Lost braces in \itemize; meant \describe ? checkRd: (-1) stree.Rd:24-25: Lost braces in \itemize; meant \describe ? checkRd: (-1) stree.Rd:26-27: Lost braces in \itemize; meant \describe ? checkRd: (-1) stree.Rd:28: Lost braces in \itemize; meant \describe ? Flavor: r-patched-linux-x86_64