CRAN Package Check Results for Package aos

Last updated on 2024-04-20 08:50:43 CEST.

Flavor Version Tinstall Tcheck Ttotal Status Flags
r-devel-linux-x86_64-debian-clang 0.1.0 1.64 28.48 30.12 NOTE
r-devel-linux-x86_64-debian-gcc 0.1.0 1.70 21.53 23.23 NOTE
r-devel-linux-x86_64-fedora-clang 0.1.0 38.66 NOTE
r-devel-linux-x86_64-fedora-gcc 0.1.0 37.21 NOTE
r-prerel-macos-arm64 0.1.0 17.00 NOTE
r-prerel-windows-x86_64 0.1.0 3.00 43.00 46.00 NOTE
r-patched-linux-x86_64 0.1.0 2.73 27.34 30.07 NOTE
r-release-linux-x86_64 0.1.0 2.00 26.43 28.43 NOTE
r-release-macos-arm64 0.1.0 18.00 NOTE
r-release-macos-x86_64 0.1.0 22.00 NOTE
r-release-windows-x86_64 0.1.0 4.00 45.00 49.00 NOTE
r-oldrel-macos-arm64 0.1.0 23.00 NOTE
r-oldrel-windows-x86_64 0.1.0 4.00 49.00 53.00 NOTE

Check Details

Version: 0.1.0
Check: LazyData
Result: NOTE 'LazyData' is specified without a 'data' directory Flavors: r-devel-linux-x86_64-debian-clang, r-devel-linux-x86_64-debian-gcc, r-devel-linux-x86_64-fedora-clang, r-devel-linux-x86_64-fedora-gcc, r-prerel-macos-arm64, r-prerel-windows-x86_64, r-patched-linux-x86_64, r-release-linux-x86_64, r-release-macos-arm64, r-release-macos-x86_64, r-release-windows-x86_64, r-oldrel-macos-arm64, r-oldrel-windows-x86_64