Last updated on 2025-01-21 23:50:20 CET.
Flavor | Version | Tinstall | Tcheck | Ttotal | Status | Flags |
---|---|---|---|---|---|---|
r-devel-linux-x86_64-debian-clang | 2024.11.2 | 21.97 | 271.29 | 293.26 | OK | |
r-devel-linux-x86_64-debian-gcc | 2024.11.2 | 13.39 | 172.16 | 185.55 | OK | |
r-devel-linux-x86_64-fedora-clang | 2025.1.21 | 479.63 | OK | |||
r-devel-linux-x86_64-fedora-gcc | 2025.1.21 | 449.13 | OK | |||
r-devel-windows-x86_64 | 2024.11.2 | 24.00 | 301.00 | 325.00 | OK | |
r-patched-linux-x86_64 | 2024.11.2 | 25.95 | 250.50 | 276.45 | OK | |
r-release-linux-x86_64 | 2024.11.2 | 19.90 | 250.08 | 269.98 | OK | |
r-release-macos-arm64 | 2024.11.2 | 120.00 | OK | |||
r-release-macos-x86_64 | 2025.1.21 | 257.00 | NOTE | |||
r-release-windows-x86_64 | 2024.11.2 | 23.00 | 301.00 | 324.00 | OK | |
r-oldrel-macos-arm64 | 2024.11.2 | 121.00 | OK | |||
r-oldrel-macos-x86_64 | 2024.11.2 | 205.00 | NOTE | |||
r-oldrel-windows-x86_64 | 2024.11.2 | 29.00 | 371.00 | 400.00 | OK |
Version: 2025.1.21
Check: installed package size
Result: NOTE
installed size is 5.1Mb
sub-directories of 1Mb or more:
data 3.1Mb
Flavor: r-release-macos-x86_64
Version: 2024.11.2
Check: installed package size
Result: NOTE
installed size is 5.2Mb
sub-directories of 1Mb or more:
data 3.1Mb
Flavor: r-oldrel-macos-x86_64