CRAN Package Check Results for Package aihuman

Last updated on 2024-04-24 00:55:35 CEST.

Flavor Version Tinstall Tcheck Ttotal Status Flags
r-devel-linux-x86_64-debian-clang 0.1.0 87.16 165.08 252.24 NOTE
r-devel-linux-x86_64-debian-gcc 0.1.0 67.66 120.47 188.13 NOTE
r-devel-linux-x86_64-fedora-clang 0.1.0 330.17 NOTE
r-devel-linux-x86_64-fedora-gcc 0.1.0 352.54 NOTE
r-prerel-macos-arm64 0.1.0 81.00 NOTE
r-prerel-windows-x86_64 0.1.0 61.00 156.00 217.00 NOTE
r-patched-linux-x86_64 0.1.0 80.16 151.92 232.08 NOTE
r-release-linux-x86_64 0.1.0 82.84 153.22 236.06 OK
r-release-macos-arm64 0.1.0 99.00 NOTE
r-release-macos-x86_64 0.1.0 134.00 NOTE
r-release-windows-x86_64 0.1.0 84.00 245.00 329.00 OK
r-oldrel-macos-arm64 0.1.0 63.00 NOTE
r-oldrel-windows-x86_64 0.1.0 82.00 182.00 264.00 OK

Check Details

Version: 0.1.0
Check: Rd files
Result: NOTE checkRd: (-1) CalOptimalDecision.Rd:45: Lost braces; missing escapes or markup? 45 | A \code{data.frame} of (1) the probability that the optimal decision for each observation being d in {0,1,...,k}, (2) expected utility of binary version of judge's decision (g_d), (3) expected utility of binary DMF recommendation, and (4) the difference between (2) and (3). If \code{include.utility.diff.mcmc = TRUE}, returns a list of such \code{data.frame} and a \code{data.frame} that includes the result for mean and quantile of \code{Utility.diff.control.mcmc} and \code{Utility.diff.treated.mcmc} across mcmc samples. | ^ Flavors: r-devel-linux-x86_64-debian-clang, r-devel-linux-x86_64-debian-gcc, r-devel-linux-x86_64-fedora-clang, r-devel-linux-x86_64-fedora-gcc, r-prerel-macos-arm64, r-prerel-windows-x86_64, r-patched-linux-x86_64

Version: 0.1.0
Check: installed package size
Result: NOTE installed size is 5.1Mb sub-directories of 1Mb or more: libs 3.9Mb Flavors: r-prerel-macos-arm64, r-release-macos-arm64, r-release-macos-x86_64, r-oldrel-macos-arm64