CRAN Package Check Results for Package ahaz

Last updated on 2024-07-24 08:56:43 CEST.

Flavor Version Tinstall Tcheck Ttotal Status Flags
r-devel-linux-x86_64-debian-clang 1.15 9.43 81.66 91.09 OK
r-devel-linux-x86_64-debian-gcc 1.15 8.67 59.51 68.18 OK
r-devel-linux-x86_64-fedora-clang 1.15 118.15 NOTE
r-devel-linux-x86_64-fedora-gcc 1.15 105.39 NOTE
r-devel-windows-x86_64 1.15 11.00 82.00 93.00 OK
r-patched-linux-x86_64 1.15 11.17 74.38 85.55 OK
r-release-linux-x86_64 1.15 8.33 77.05 85.38 OK
r-release-macos-arm64 1.15 36.00 OK
r-release-macos-x86_64 1.15 89.00 OK
r-release-windows-x86_64 1.15 10.00 81.00 91.00 OK
r-oldrel-macos-arm64 1.15 40.00 OK
r-oldrel-macos-x86_64 1.15 62.00 OK
r-oldrel-windows-x86_64 1.15 15.00 101.00 116.00 OK

Check Details

Version: 1.15
Check: compiled code
Result: NOTE File ‘ahaz/libs/ahaz.so’: Found no calls to: ‘R_registerRoutines’, ‘R_useDynamicSymbols’ It is good practice to register native routines and to disable symbol search. See ‘Writing portable packages’ in the ‘Writing R Extensions’ manual. Flavors: r-devel-linux-x86_64-fedora-clang, r-devel-linux-x86_64-fedora-gcc