CRAN Package Check Results for Package ZetaSuite

Last updated on 2024-06-21 16:56:13 CEST.

Flavor Version Tinstall Tcheck Ttotal Status Flags
r-devel-linux-x86_64-debian-clang 1.0.1 16.77 213.51 230.28 OK
r-devel-linux-x86_64-debian-gcc 1.0.1 13.61 168.25 181.86 OK
r-devel-linux-x86_64-fedora-clang 1.0.1 300.32 NOTE
r-devel-linux-x86_64-fedora-gcc 1.0.1 310.60 NOTE
r-devel-windows-x86_64 1.0.1 14.00 180.00 194.00 OK
r-patched-linux-x86_64 1.0.1 16.01 206.80 222.81 OK
r-release-linux-x86_64 1.0.1 10.82 219.33 230.15 OK
r-release-macos-arm64 1.0.1 100.00 OK
r-release-macos-x86_64 1.0.1 175.00 OK
r-release-windows-x86_64 1.0.1 15.00 182.00 197.00 OK
r-oldrel-macos-arm64 1.0.1 101.00 OK
r-oldrel-macos-x86_64 1.0.1 176.00 OK
r-oldrel-windows-x86_64 1.0.1 19.00 206.00 225.00 OK

Check Details

Version: 1.0.1
Check: dependencies in R code
Result: NOTE Namespace in Imports field not imported from: ‘dplyr’ All declared Imports should be used. Flavors: r-devel-linux-x86_64-fedora-clang, r-devel-linux-x86_64-fedora-gcc