CRAN Package Check Results for Package WeightedTreemaps

Last updated on 2025-01-17 01:48:35 CET.

Flavor Version Tinstall Tcheck Ttotal Status Flags
r-devel-linux-x86_64-debian-clang 0.1.4 42.23 77.98 120.21 OK
r-devel-linux-x86_64-debian-gcc 0.1.4 37.88 59.71 97.59 OK
r-devel-linux-x86_64-fedora-clang 0.1.4 208.28 OK
r-devel-linux-x86_64-fedora-gcc 0.1.4 238.87 OK
r-devel-windows-x86_64 0.1.4 50.00 113.00 163.00 OK
r-patched-linux-x86_64 0.1.4 53.61 73.21 126.82 OK
r-release-linux-x86_64 0.1.4 54.92 73.75 128.67 OK
r-release-macos-arm64 0.1.4 62.00 NOTE
r-release-macos-x86_64 0.1.4 176.00 NOTE
r-release-windows-x86_64 0.1.4 51.00 103.00 154.00 OK
r-oldrel-macos-arm64 0.1.4 62.00 NOTE
r-oldrel-macos-x86_64 0.1.4 152.00 NOTE
r-oldrel-windows-x86_64 0.1.4 59.00 128.00 187.00 OK

Check Details

Version: 0.1.4
Check: installed package size
Result: NOTE installed size is 12.6Mb sub-directories of 1Mb or more: doc 1.4Mb libs 10.4Mb Flavors: r-release-macos-arm64, r-release-macos-x86_64, r-oldrel-macos-arm64, r-oldrel-macos-x86_64