CRAN Package Check Results for Package TruncatedNormal

Last updated on 2024-04-17 16:53:25 CEST.

Flavor Version Tinstall Tcheck Ttotal Status Flags
r-devel-linux-x86_64-debian-clang 2.2.2 49.89 189.08 238.97 NOTE
r-devel-linux-x86_64-debian-gcc 2.2.2 40.55 150.83 191.38 NOTE
r-devel-linux-x86_64-fedora-clang 2.2.2 315.76 NOTE
r-devel-linux-x86_64-fedora-gcc 2.2.2 344.28 NOTE
r-prerel-macos-arm64 2.2.2 143.00 NOTE
r-prerel-windows-x86_64 2.2.2 43.00 238.00 281.00 NOTE
r-patched-linux-x86_64 2.2.2 57.19 200.53 257.72 NOTE
r-release-linux-x86_64 2.2.2 49.26 201.18 250.44 NOTE
r-release-macos-arm64 2.2.2 161.00 NOTE
r-release-macos-x86_64 2.2.2 256.00 NOTE
r-release-windows-x86_64 2.2.2 53.00 279.00 332.00 NOTE
r-oldrel-macos-arm64 2.2.2 152.00 OK
r-oldrel-windows-x86_64 2.2.2 51.00 251.00 302.00 OK

Check Details

Version: 2.2.2
Check: C++ specification
Result: NOTE Specified C++11: please drop specification unless essential Flavors: r-devel-linux-x86_64-debian-clang, r-devel-linux-x86_64-debian-gcc, r-devel-linux-x86_64-fedora-clang, r-devel-linux-x86_64-fedora-gcc, r-prerel-macos-arm64, r-prerel-windows-x86_64, r-patched-linux-x86_64, r-release-linux-x86_64, r-release-macos-arm64, r-release-macos-x86_64, r-release-windows-x86_64

Version: 2.2.2
Check: package subdirectories
Result: NOTE Problems with news in ‘NEWS.md’: Cannot extract version info from the following section titles: Changes Flavors: r-devel-linux-x86_64-debian-clang, r-devel-linux-x86_64-debian-gcc, r-devel-linux-x86_64-fedora-clang, r-devel-linux-x86_64-fedora-gcc, r-prerel-macos-arm64, r-prerel-windows-x86_64, r-patched-linux-x86_64, r-release-linux-x86_64, r-release-macos-arm64, r-release-macos-x86_64, r-release-windows-x86_64

Version: 2.2.2
Check: Rd files
Result: NOTE checkRd: (-1) cholperm.Rd:21: Lost braces in \itemize; \value handles \item{}{} directly checkRd: (-1) cholperm.Rd:22: Lost braces in \itemize; \value handles \item{}{} directly checkRd: (-1) cholperm.Rd:23: Lost braces in \itemize; \value handles \item{}{} directly checkRd: (-1) cholperm.Rd:24: Lost braces in \itemize; \value handles \item{}{} directly checkRd: (-1) dot-cholpermGB.Rd:19: Lost braces in \itemize; \value handles \item{}{} directly checkRd: (-1) dot-cholpermGB.Rd:20: Lost braces in \itemize; \value handles \item{}{} directly checkRd: (-1) dot-cholpermGB.Rd:21: Lost braces in \itemize; \value handles \item{}{} directly checkRd: (-1) dot-cholpermGB.Rd:22: Lost braces in \itemize; \value handles \item{}{} directly checkRd: (-1) dot-cholpermGGE.Rd:19: Lost braces in \itemize; \value handles \item{}{} directly checkRd: (-1) dot-cholpermGGE.Rd:20: Lost braces in \itemize; \value handles \item{}{} directly checkRd: (-1) dot-cholpermGGE.Rd:21: Lost braces in \itemize; \value handles \item{}{} directly checkRd: (-1) dot-cholpermGGE.Rd:22: Lost braces in \itemize; \value handles \item{}{} directly checkRd: (-1) mvNcdf.Rd:21: Lost braces in \itemize; \value handles \item{}{} directly checkRd: (-1) mvNcdf.Rd:22: Lost braces in \itemize; \value handles \item{}{} directly checkRd: (-1) mvNcdf.Rd:23: Lost braces in \itemize; \value handles \item{}{} directly checkRd: (-1) mvNqmc.Rd:21: Lost braces in \itemize; \value handles \item{}{} directly checkRd: (-1) mvNqmc.Rd:22: Lost braces in \itemize; \value handles \item{}{} directly checkRd: (-1) mvNqmc.Rd:23: Lost braces in \itemize; \value handles \item{}{} directly checkRd: (-1) mvTcdf.Rd:23: Lost braces in \itemize; \value handles \item{}{} directly checkRd: (-1) mvTcdf.Rd:24: Lost braces in \itemize; \value handles \item{}{} directly checkRd: (-1) mvTcdf.Rd:25: Lost braces in \itemize; \value handles \item{}{} directly checkRd: (-1) mvTqmc.Rd:23: Lost braces in \itemize; \value handles \item{}{} directly checkRd: (-1) mvTqmc.Rd:24: Lost braces in \itemize; \value handles \item{}{} directly checkRd: (-1) mvTqmc.Rd:25: Lost braces in \itemize; \value handles \item{}{} directly checkRd: (-1) mvrandn.Rd:31-36: Lost braces in \itemize; meant \describe ? checkRd: (-1) mvrandn.Rd:37-44: Lost braces in \itemize; meant \describe ? Flavors: r-devel-linux-x86_64-debian-clang, r-devel-linux-x86_64-debian-gcc, r-devel-linux-x86_64-fedora-clang, r-devel-linux-x86_64-fedora-gcc, r-prerel-macos-arm64, r-prerel-windows-x86_64, r-patched-linux-x86_64