CRAN Package Check Results for Package TreeRingShape

Last updated on 2025-01-12 23:49:43 CET.

Flavor Version Tinstall Tcheck Ttotal Status Flags
r-devel-linux-x86_64-debian-clang 3.0.5 2.41 49.89 52.30 OK
r-devel-linux-x86_64-debian-gcc 3.0.5 2.03 36.82 38.85 OK
r-devel-linux-x86_64-fedora-clang 3.0.5 85.22 NOTE
r-devel-linux-x86_64-fedora-gcc 3.0.5 102.95 NOTE
r-devel-windows-x86_64 3.0.5 4.00 83.00 87.00 OK
r-patched-linux-x86_64 3.0.5 2.74 47.50 50.24 OK
r-release-linux-x86_64 3.0.5 2.62 47.83 50.45 OK
r-release-macos-arm64 3.0.5 203.00 OK
r-release-macos-x86_64 3.0.5 218.00 OK
r-release-windows-x86_64 3.0.5 5.00 85.00 90.00 OK
r-oldrel-macos-arm64 3.0.5 207.00 OK
r-oldrel-macos-x86_64 3.0.5 222.00 OK
r-oldrel-windows-x86_64 3.0.5 5.00 93.00 98.00 OK

Check Details

Version: 3.0.5
Check: dependencies in R code
Result: NOTE Namespace in Imports field not imported from: ‘tibble’ All declared Imports should be used. Flavors: r-devel-linux-x86_64-fedora-clang, r-devel-linux-x86_64-fedora-gcc