CRAN Package Check Results for Package ToolsForCoDa

Last updated on 2024-06-15 00:54:20 CEST.

Flavor Version Tinstall Tcheck Ttotal Status Flags
r-devel-linux-x86_64-debian-clang 1.0.6 12.11 117.25 129.36 OK
r-devel-linux-x86_64-debian-gcc 1.0.6 10.12 89.84 99.96 OK
r-devel-linux-x86_64-fedora-clang 1.0.6 165.05 OK
r-devel-linux-x86_64-fedora-gcc 1.0.6 164.46 OK
r-devel-windows-x86_64 1.0.6 13.00 119.00 132.00 OK
r-patched-linux-x86_64 1.0.6 13.02 114.95 127.97 OK
r-release-linux-x86_64 1.0.6 11.41 114.86 126.27 OK
r-release-macos-arm64 1.0.6 56.00 OK
r-release-macos-x86_64 1.0.6 80.00 OK
r-release-windows-x86_64 1.0.6 12.00 119.00 131.00 OK
r-oldrel-macos-arm64 1.0.6 39.00 OK
r-oldrel-macos-x86_64 1.0.6 60.00 NOTE
r-oldrel-windows-x86_64 1.0.6 16.00 134.00 150.00 OK

Check Details

Version: 1.0.6
Check: re-building of vignette outputs
Result: NOTE Error(s) in re-building vignettes: --- re-building ‘ToolsForCoDa.Rnw’ using Sweave Loading required package: mice Attaching package: 'mice' The following object is masked from 'package:stats': filter The following objects are masked from 'package:base': cbind, rbind Loading required package: Rsolnp Loading required package: nnet Loading required package: MASS Loading required package: calibrate Error: processing vignette 'ToolsForCoDa.Rnw' failed with diagnostics: Running 'texi2dvi' on 'ToolsForCoDa.tex' failed. LaTeX errors: ! LaTeX Error: File `wasysym.sty' not found. Type X to quit or <RETURN> to proceed, or enter new name. (Default extension: sty) ! Emergency stop. <read *> l.10 ^^M ! ==> Fatal error occurred, no output PDF file produced! --- failed re-building 'ToolsForCoDa.Rnw' SUMMARY: processing the following file failed: 'ToolsForCoDa.Rnw' Error: Vignette re-building failed. Execution halted Flavor: r-oldrel-macos-x86_64