CRAN Package Check Results for Package TestsSymmetry

Last updated on 2024-06-23 16:56:33 CEST.

Flavor Version Tinstall Tcheck Ttotal Status Flags
r-devel-linux-x86_64-debian-clang 1.0.0 26.87 32.00 58.87 OK
r-devel-linux-x86_64-debian-gcc 1.0.0 15.85 24.56 40.41 OK
r-devel-linux-x86_64-fedora-clang 1.0.0 75.68 NOTE
r-devel-linux-x86_64-fedora-gcc 1.0.0 71.90 NOTE
r-devel-windows-x86_64 1.0.0 20.00 63.00 83.00 OK
r-patched-linux-x86_64 1.0.0 20.60 30.46 51.06 OK
r-release-linux-x86_64 1.0.0 18.17 31.32 49.49 OK
r-release-macos-arm64 1.0.0 23.00 OK
r-release-macos-x86_64 1.0.0 32.00 OK
r-release-windows-x86_64 1.0.0 20.00 65.00 85.00 OK
r-oldrel-macos-arm64 1.0.0 30.00 OK
r-oldrel-macos-x86_64 1.0.0 43.00 OK
r-oldrel-windows-x86_64 1.0.0 25.00 70.00 95.00 OK

Check Details

Version: 1.0.0
Check: dependencies in R code
Result: NOTE Namespace in Imports field not imported from: ‘MASS’ All declared Imports should be used. Flavors: r-devel-linux-x86_64-fedora-clang, r-devel-linux-x86_64-fedora-gcc