CRAN Package Check Results for Package SpectralMap

Last updated on 2024-05-20 08:49:12 CEST.

Flavor Version Tinstall Tcheck Ttotal Status Flags
r-devel-linux-x86_64-debian-clang 1.0 5.81 47.07 52.88 NOTE
r-devel-linux-x86_64-debian-gcc 1.0 4.14 34.61 38.75 NOTE
r-devel-linux-x86_64-fedora-clang 1.0 64.93 NOTE
r-devel-linux-x86_64-fedora-gcc 1.0 113.16 NOTE
r-devel-windows-x86_64 1.0 5.00 50.00 55.00 NOTE
r-patched-linux-x86_64 1.0 5.96 45.24 51.20 NOTE
r-release-linux-x86_64 1.0 4.32 43.22 47.54 NOTE
r-release-macos-arm64 1.0 23.00 NOTE
r-release-windows-x86_64 1.0 5.00 51.00 56.00 NOTE
r-oldrel-macos-arm64 1.0 28.00 NOTE
r-oldrel-macos-x86_64 1.0 43.00 NOTE
r-oldrel-windows-x86_64 1.0 7.00 57.00 64.00 NOTE

Check Details

Version: 1.0
Check: LazyData
Result: NOTE 'LazyData' is specified without a 'data' directory Flavors: r-devel-linux-x86_64-debian-clang, r-devel-linux-x86_64-debian-gcc, r-devel-linux-x86_64-fedora-clang, r-devel-linux-x86_64-fedora-gcc, r-devel-windows-x86_64, r-patched-linux-x86_64, r-release-linux-x86_64, r-release-macos-arm64, r-release-windows-x86_64, r-oldrel-macos-arm64, r-oldrel-macos-x86_64, r-oldrel-windows-x86_64