CRAN Package Check Results for Package SMME

Last updated on 2024-07-15 16:56:34 CEST.

Flavor Version Tinstall Tcheck Ttotal Status Flags
r-devel-linux-x86_64-debian-clang 1.1.1 52.73 36.58 89.31 NOTE
r-devel-linux-x86_64-debian-gcc 1.1.1 35.88 27.99 63.87 NOTE
r-devel-linux-x86_64-fedora-clang 1.1.1 120.32 NOTE
r-devel-linux-x86_64-fedora-gcc 1.1.1 135.63 NOTE
r-devel-windows-x86_64 1.1.1 40.00 68.00 108.00 NOTE
r-patched-linux-x86_64 1.1.1 41.35 36.08 77.43 NOTE
r-release-linux-x86_64 1.1.1 42.94 35.12 78.06 NOTE
r-release-macos-arm64 1.1.1 38.00 NOTE
r-release-macos-x86_64 1.1.1 48.00 NOTE
r-release-windows-x86_64 1.1.1 40.00 67.00 107.00 NOTE
r-oldrel-macos-arm64 1.1.1 37.00 NOTE
r-oldrel-macos-x86_64 1.1.1 59.00 NOTE
r-oldrel-windows-x86_64 1.1.1 46.00 80.00 126.00 NOTE

Check Details

Version: 1.1.1
Check: C++ specification
Result: NOTE Specified C++11: please drop specification unless essential Flavors: r-devel-linux-x86_64-debian-clang, r-devel-linux-x86_64-debian-gcc, r-devel-linux-x86_64-fedora-clang, r-devel-linux-x86_64-fedora-gcc, r-devel-windows-x86_64, r-patched-linux-x86_64, r-release-linux-x86_64, r-release-macos-arm64, r-release-macos-x86_64, r-release-windows-x86_64, r-oldrel-macos-arm64, r-oldrel-macos-x86_64, r-oldrel-windows-x86_64