CRAN Package Check Results for Package SLBDD

Last updated on 2024-04-17 08:57:46 CEST.

Flavor Version Tinstall Tcheck Ttotal Status Flags
r-devel-linux-x86_64-debian-clang 0.0.4 51.30 269.13 320.43 NOTE
r-devel-linux-x86_64-debian-gcc 0.0.4 44.71 198.83 243.54 NOTE
r-devel-linux-x86_64-fedora-clang 0.0.4 408.93 NOTE
r-devel-linux-x86_64-fedora-gcc 0.0.4 389.87 NOTE
r-prerel-macos-arm64 0.0.4 138.00 NOTE
r-prerel-windows-x86_64 0.0.4 40.00 187.00 227.00 NOTE
r-patched-linux-x86_64 0.0.4 37.50 258.91 296.41 NOTE
r-release-linux-x86_64 0.0.4 32.76 261.77 294.53 OK
r-release-macos-arm64 0.0.4 120.00 NOTE
r-release-macos-x86_64 0.0.4 196.00 NOTE
r-release-windows-x86_64 0.0.4 59.00 241.00 300.00 NOTE
r-oldrel-macos-arm64 0.0.4 156.00 NOTE
r-oldrel-windows-x86_64 0.0.4 58.00 233.00 291.00 NOTE

Check Details

Version: 0.0.4
Check: Rd files
Result: NOTE checkRd: (-1) outliers.hdts.Rd:44: Lost braces; missing escapes or markup? 44 | \item I.cov.rob - The matrix (V'GnV)^{-1} used to compute the statistics to detect the idiosyncratic outliers. | ^ Flavors: r-devel-linux-x86_64-debian-clang, r-devel-linux-x86_64-debian-gcc, r-devel-linux-x86_64-fedora-clang, r-devel-linux-x86_64-fedora-gcc, r-prerel-macos-arm64, r-prerel-windows-x86_64, r-patched-linux-x86_64

Version: 0.0.4
Check: installed package size
Result: NOTE installed size is 5.5Mb sub-directories of 1Mb or more: data 5.1Mb Flavors: r-devel-linux-x86_64-fedora-clang, r-prerel-macos-arm64, r-prerel-windows-x86_64, r-release-macos-arm64, r-release-macos-x86_64, r-release-windows-x86_64, r-oldrel-macos-arm64, r-oldrel-windows-x86_64

Version: 0.0.4
Check: data for non-ASCII characters
Result: NOTE Note: found 23 marked UTF-8 strings Flavors: r-devel-linux-x86_64-fedora-clang, r-devel-linux-x86_64-fedora-gcc, r-oldrel-macos-arm64