CRAN Package Check Results for Package SCORPIUS

Last updated on 2024-04-12 01:00:41 CEST.

Flavor Version Tinstall Tcheck Ttotal Status Flags
r-devel-linux-x86_64-debian-clang 1.0.9 16.70 339.59 356.29 NOTE
r-devel-linux-x86_64-debian-gcc 1.0.9 10.61 245.52 256.13 NOTE
r-devel-linux-x86_64-fedora-clang 1.0.9 459.85 NOTE
r-devel-linux-x86_64-fedora-gcc 1.0.9 431.51 NOTE
r-devel-windows-x86_64 1.0.9 12.00 243.00 255.00 NOTE
r-patched-linux-x86_64 1.0.9 8.95 313.34 322.29 NOTE
r-release-linux-x86_64 1.0.9 9.41 311.34 320.75 OK
r-release-macos-arm64 1.0.9 113.00 OK
r-release-macos-x86_64 1.0.9 294.00 OK
r-release-windows-x86_64 1.0.9 18.00 280.00 298.00 OK
r-oldrel-macos-arm64 1.0.9 109.00 OK
r-oldrel-windows-x86_64 1.0.9 19.00 287.00 306.00 OK

Check Details

Version: 1.0.9
Check: Rd files
Result: NOTE checkRd: (-1) reduce_dimensionality.Rd:19: Lost braces 19 | \item{ndim}{the maximum dimension of the space which the data are to be represented in; must be in {1, 2, \ldots, n-1}.} | ^ checkRd: (-1) ti_scorpius.Rd:18: Lost braces; missing escapes or markup? 18 | \item{distance_method}{A character string indicating which correlationcoefficient (or covariance) is to be computed. One of "pearson", "spearman" (default), or "cosine". Domain: {spearman, pearson, cosine}. Default: spearman. Format: character.} | ^ checkRd: (-1) ti_scorpius.Rd:30: Lost braces; missing escapes or markup? 30 | \item{smoother}{\code{principal_curve} parameter; choice of smoother. Domain: {smooth_spline, lowess, periodic_lowess}. Default: smooth_spline. Format: character.} | ^ Flavors: r-devel-linux-x86_64-debian-clang, r-devel-linux-x86_64-debian-gcc, r-devel-linux-x86_64-fedora-clang, r-devel-linux-x86_64-fedora-gcc, r-devel-windows-x86_64, r-patched-linux-x86_64