CRAN Package Check Results for Package Rthingsboard

Last updated on 2024-06-19 00:49:39 CEST.

Flavor Version Tinstall Tcheck Ttotal Status Flags
r-devel-linux-x86_64-debian-clang 0.2.7 4.99 41.59 46.58 OK
r-devel-linux-x86_64-debian-gcc 0.2.7 4.03 32.35 36.38 OK
r-devel-linux-x86_64-fedora-clang 0.2.7 47.20 NOTE
r-devel-linux-x86_64-fedora-gcc 0.2.7 56.65 NOTE
r-devel-windows-x86_64 0.2.7 6.00 52.00 58.00 OK
r-patched-linux-x86_64 0.2.7 5.57 41.22 46.79 OK
r-release-linux-x86_64 0.2.7 5.37 40.95 46.32 OK
r-release-macos-arm64 0.2.7 21.00 OK
r-release-macos-x86_64 0.2.7 32.00 OK
r-release-windows-x86_64 0.2.7 6.00 51.00 57.00 OK
r-oldrel-macos-arm64 0.2.7 21.00 OK
r-oldrel-macos-x86_64 0.2.7 31.00 OK
r-oldrel-windows-x86_64 0.2.7 7.00 58.00 65.00 OK

Check Details

Version: 0.2.7
Check: dependencies in R code
Result: NOTE Namespaces in Imports field not imported from: ‘httr’ ‘logger’ All declared Imports should be used. Flavors: r-devel-linux-x86_64-fedora-clang, r-devel-linux-x86_64-fedora-gcc