Last updated on 2025-01-24 07:49:29 CET.
Flavor | Version | Tinstall | Tcheck | Ttotal | Status | Flags |
---|---|---|---|---|---|---|
r-devel-linux-x86_64-debian-clang | 1.2.3 | 33.68 | 264.10 | 297.78 | OK | |
r-devel-linux-x86_64-debian-gcc | 1.2.3 | 24.23 | 192.35 | 216.58 | OK | |
r-devel-linux-x86_64-fedora-clang | 1.2.3 | 507.08 | OK | |||
r-devel-linux-x86_64-fedora-gcc | 1.2.3 | 519.55 | OK | |||
r-devel-windows-x86_64 | 1.2.3 | 36.00 | 236.00 | 272.00 | OK | |
r-patched-linux-x86_64 | 1.2.3 | 30.12 | 248.12 | 278.24 | OK | |
r-release-linux-x86_64 | 1.2.3 | 28.77 | 246.75 | 275.52 | OK | |
r-release-macos-arm64 | 1.2.2 | 127.00 | NOTE | |||
r-release-macos-x86_64 | 1.2.3 | 264.00 | NOTE | |||
r-release-windows-x86_64 | 1.2.3 | 30.00 | 217.00 | 247.00 | OK | |
r-oldrel-macos-arm64 | 1.2.2 | 136.00 | NOTE | |||
r-oldrel-macos-x86_64 | 1.2.2 | 288.00 | NOTE | |||
r-oldrel-windows-x86_64 | 1.2.3 | 45.00 | 292.00 | 337.00 | OK |
Version: 1.2.2
Check: package dependencies
Result: NOTE
Packages suggested but not available for checking:
'affydata', 'hgu95av2cdf', 'beadarrayExampleData',
'illuminaHumanv3.db'
Flavors: r-release-macos-arm64, r-oldrel-macos-arm64, r-oldrel-macos-x86_64
Version: 1.2.3
Check: package dependencies
Result: NOTE
Package suggested but not available for checking: ‘illuminaHumanv3.db’
Flavor: r-release-macos-x86_64