CRAN Package Check Results for Package RcppExamples

Last updated on 2024-07-25 16:46:22 CEST.

Flavor Version Tinstall Tcheck Ttotal Status Flags
r-devel-linux-x86_64-debian-clang 0.1.9 39.77 27.22 66.99 NOTE
r-devel-linux-x86_64-debian-gcc 0.1.9 26.86 21.50 48.36 NOTE
r-devel-linux-x86_64-fedora-clang 0.1.9 147.92 NOTE
r-devel-linux-x86_64-fedora-gcc 0.1.9 99.49 NOTE
r-devel-windows-x86_64 0.1.9 38.00 72.00 110.00 OK
r-patched-linux-x86_64 0.1.9 NOTE
r-release-linux-x86_64 0.1.9 32.64 27.49 60.13 NOTE
r-release-macos-arm64 0.1.9 33.00 NOTE
r-release-macos-x86_64 0.1.9 43.00 NOTE
r-release-windows-x86_64 0.1.9 56.00 69.00 125.00 OK
r-oldrel-macos-arm64 0.1.9 34.00 NOTE
r-oldrel-macos-x86_64 0.1.9 54.00 NOTE
r-oldrel-windows-x86_64 0.1.9 37.00 82.00 119.00 OK

Check Details

Version: 0.1.9
Check: C++ specification
Result: NOTE Specified C++11: please drop specification unless essential Flavors: r-devel-linux-x86_64-debian-clang, r-devel-linux-x86_64-debian-gcc, r-devel-linux-x86_64-fedora-clang, r-devel-linux-x86_64-fedora-gcc, r-patched-linux-x86_64, r-release-linux-x86_64, r-release-macos-arm64, r-release-macos-x86_64, r-oldrel-macos-arm64, r-oldrel-macos-x86_64