CRAN Package Check Results for Package RankAggreg

Last updated on 2024-05-25 16:58:50 CEST.

Flavor Version Tinstall Tcheck Ttotal Status Flags
r-devel-linux-x86_64-debian-clang 0.6.6 3.80 53.20 57.00 OK
r-devel-linux-x86_64-debian-gcc 0.6.6 2.80 37.39 40.19 OK
r-devel-linux-x86_64-fedora-clang 0.6.6 70.32 OK
r-devel-linux-x86_64-fedora-gcc 0.6.6 77.59 OK
r-devel-windows-x86_64 0.6.6 6.00 77.00 83.00 OK
r-patched-linux-x86_64 0.6.6 3.35 48.34 51.69 OK
r-release-linux-x86_64 0.6.6 4.07 49.55 53.62 OK
r-release-macos-arm64 0.6.6 31.00 OK
r-release-windows-x86_64 0.6.6 6.00 77.00 83.00 OK
r-oldrel-macos-arm64 0.6.6 34.00 OK
r-oldrel-macos-x86_64 0.6.6 50.00 NOTE
r-oldrel-windows-x86_64 0.6.6 7.00 73.00 80.00 OK

Check Details

Version: 0.6.6
Check: re-building of vignette outputs
Result: NOTE Error(s) in re-building vignettes: --- re-building ‘RankAggreg.Rnw’ using Sweave Loading required package: cluster Package 'mclust' version 6.0.0 Type 'citation("mclust")' for citing this R package in publications. Attaching package: ‘kohonen’ The following object is masked from ‘package:mclust’: map Error: processing vignette 'RankAggreg.Rnw' failed with diagnostics: Running 'texi2dvi' on 'RankAggreg.tex' failed. LaTeX errors: ! LaTeX Error: File `relsize.sty' not found. Type X to quit or <RETURN> to proceed, or enter new name. (Default extension: sty) ! Emergency stop. <read *> l.28 \usepackage [mathcal]{euscript}^^M ! ==> Fatal error occurred, no output PDF file produced! --- failed re-building ‘RankAggreg.Rnw’ SUMMARY: processing the following file failed: ‘RankAggreg.Rnw’ Error: Vignette re-building failed. Execution halted Flavor: r-oldrel-macos-x86_64