Last updated on 2025-01-24 07:49:29 CET.
Flavor | Version | Tinstall | Tcheck | Ttotal | Status | Flags |
---|---|---|---|---|---|---|
r-devel-linux-x86_64-debian-clang | 1.4.9 | 20.18 | 129.24 | 149.42 | OK | |
r-devel-linux-x86_64-debian-gcc | 1.4.9 | 13.93 | 89.98 | 103.91 | OK | |
r-devel-linux-x86_64-fedora-clang | 1.4.9 | 251.13 | OK | |||
r-devel-linux-x86_64-fedora-gcc | 1.4.9 | 232.96 | OK | |||
r-devel-windows-x86_64 | 1.4.9 | 21.00 | 148.00 | 169.00 | OK | |
r-patched-linux-x86_64 | 1.4.9 | 18.07 | 119.20 | 137.27 | OK | |
r-release-linux-x86_64 | 1.4.9 | 13.77 | 121.25 | 135.02 | OK | |
r-release-macos-arm64 | 1.4.9 | 69.00 | NOTE | |||
r-release-macos-x86_64 | 1.4.9 | 134.00 | NOTE | |||
r-release-windows-x86_64 | 1.4.9 | 18.00 | 149.00 | 167.00 | NOTE | |
r-oldrel-macos-arm64 | 1.4.9 | 73.00 | NOTE | |||
r-oldrel-macos-x86_64 | 1.4.9 | 170.00 | NOTE | |||
r-oldrel-windows-x86_64 | 1.4.9 | 24.00 | 185.00 | 209.00 | NOTE |
Version: 1.4.9
Check: installed package size
Result: NOTE
installed size is 5.4Mb
sub-directories of 1Mb or more:
extdata 4.5Mb
Flavors: r-release-macos-arm64, r-release-macos-x86_64, r-release-windows-x86_64, r-oldrel-macos-arm64, r-oldrel-macos-x86_64, r-oldrel-windows-x86_64