CRAN Package Check Results for Package RJDemetra

Last updated on 2024-04-24 00:55:56 CEST.

Flavor Version Tinstall Tcheck Ttotal Status Flags
r-devel-linux-x86_64-debian-clang 0.2.6 11.14 103.09 114.23 OK
r-devel-linux-x86_64-debian-gcc 0.2.6 10.38 73.43 83.81 OK
r-devel-linux-x86_64-fedora-clang 0.2.6 141.44 NOTE
r-devel-linux-x86_64-fedora-gcc 0.2.6 134.28 OK
r-prerel-macos-arm64 0.2.6 36.00 NOTE
r-prerel-macos-x86_64 0.2.6 108.00 NOTE
r-prerel-windows-x86_64 0.2.6 12.00 90.00 102.00 NOTE
r-patched-linux-x86_64 0.2.6 10.97 95.81 106.78 OK
r-release-linux-x86_64 0.2.6 11.25 95.00 106.25 OK
r-release-macos-arm64 0.2.6 50.00 NOTE
r-release-macos-x86_64 0.2.6 107.00 NOTE
r-release-windows-x86_64 0.2.6 13.00 106.00 119.00 NOTE
r-oldrel-macos-arm64 0.2.6 46.00 NOTE
r-oldrel-windows-x86_64 0.2.6 16.00 101.00 117.00 NOTE

Check Details

Version: 0.2.6
Check: installed package size
Result: NOTE installed size is 5.1Mb sub-directories of 1Mb or more: java 4.2Mb Flavors: r-devel-linux-x86_64-fedora-clang, r-prerel-macos-arm64, r-prerel-macos-x86_64, r-prerel-windows-x86_64, r-release-macos-arm64, r-release-macos-x86_64, r-release-windows-x86_64, r-oldrel-macos-arm64, r-oldrel-windows-x86_64