CRAN Package Check Results for Package PressPurt

Last updated on 2024-07-23 16:49:13 CEST.

Flavor Version Tinstall Tcheck Ttotal Status Flags
r-devel-linux-x86_64-debian-clang 1.0.2 9.51 103.16 112.67 NOTE
r-devel-linux-x86_64-debian-gcc 1.0.2 8.86 75.55 84.41 NOTE
r-devel-linux-x86_64-fedora-clang 1.0.2 141.41 NOTE
r-devel-linux-x86_64-fedora-gcc 1.0.2 160.17 NOTE
r-devel-windows-x86_64 1.0.2 12.00 93.00 105.00 NOTE
r-patched-linux-x86_64 1.0.2 9.73 97.41 107.14 NOTE
r-release-linux-x86_64 1.0.2 10.32 96.29 106.61 NOTE
r-release-macos-arm64 1.0.2 45.00 NOTE
r-release-macos-x86_64 1.0.2 71.00 NOTE
r-release-windows-x86_64 1.0.2 10.00 92.00 102.00 NOTE
r-oldrel-macos-arm64 1.0.2 56.00 NOTE
r-oldrel-macos-x86_64 1.0.2 82.00 NOTE
r-oldrel-windows-x86_64 1.0.2 14.00 113.00 127.00 NOTE

Check Details

Version: 1.0.2
Check: LazyData
Result: NOTE 'LazyData' is specified without a 'data' directory Flavors: r-devel-linux-x86_64-debian-clang, r-devel-linux-x86_64-debian-gcc, r-devel-linux-x86_64-fedora-clang, r-devel-linux-x86_64-fedora-gcc, r-devel-windows-x86_64, r-patched-linux-x86_64, r-release-linux-x86_64, r-release-macos-arm64, r-release-macos-x86_64, r-release-windows-x86_64, r-oldrel-macos-arm64, r-oldrel-macos-x86_64, r-oldrel-windows-x86_64