CRAN Package Check Results for Package PHYLOGR

Last updated on 2024-04-23 16:58:24 CEST.

Flavor Version Tinstall Tcheck Ttotal Status Flags
r-devel-linux-x86_64-debian-clang 1.0.11 3.29 30.77 34.06 NOTE
r-devel-linux-x86_64-debian-gcc 1.0.11 2.79 23.99 26.78 NOTE
r-devel-linux-x86_64-fedora-clang 1.0.11 43.74 NOTE
r-devel-linux-x86_64-fedora-gcc 1.0.11 41.81 NOTE
r-prerel-macos-arm64 1.0.11 16.00 NOTE
r-prerel-windows-x86_64 1.0.11 4.00 45.00 49.00 NOTE
r-patched-linux-x86_64 1.0.11 3.38 30.60 33.98 NOTE
r-release-linux-x86_64 1.0.11 2.63 30.05 32.68 NOTE
r-release-macos-arm64 1.0.11 18.00 NOTE
r-release-macos-x86_64 1.0.11 24.00 NOTE
r-release-windows-x86_64 1.0.11 5.00 49.00 54.00 NOTE
r-oldrel-macos-arm64 1.0.11 17.00 OK
r-oldrel-windows-x86_64 1.0.11 13.00 51.00 64.00 OK

Check Details

Version: 1.0.11
Check: Rd files
Result: NOTE checkRd: (-1) GarlandJanis.IC.Rd:4: Escaped LaTeX specials: \& checkRd: (-1) GarlandJanis.IC.Rd:6: Escaped LaTeX specials: \& checkRd: (-1) GarlandJanis.Original.Rd:4: Escaped LaTeX specials: \& checkRd: (-1) GarlandJanis.Original.Rd:6: Escaped LaTeX specials: \& checkRd: (-1) GarlandJanis.varcov.Rd:3: Escaped LaTeX specials: \& checkRd: (-1) GarlandJanis.varcov.Rd:5: Escaped LaTeX specials: \& checkRd: (-1) GarlandJanis.varcov.Rd:7: Escaped LaTeX specials: \& Flavors: r-devel-linux-x86_64-debian-clang, r-devel-linux-x86_64-debian-gcc, r-devel-linux-x86_64-fedora-clang, r-devel-linux-x86_64-fedora-gcc, r-prerel-macos-arm64, r-prerel-windows-x86_64, r-patched-linux-x86_64, r-release-linux-x86_64, r-release-macos-arm64, r-release-macos-x86_64, r-release-windows-x86_64