CRAN Package Check Results for Package PGRdup

Last updated on 2024-07-21 00:56:25 CEST.

Flavor Version Tinstall Tcheck Ttotal Status Flags
r-devel-linux-x86_64-debian-clang 0.2.3.9 9.56 130.10 139.66 NOTE
r-devel-linux-x86_64-debian-gcc 0.2.3.9 8.46 109.52 117.98 NOTE
r-devel-linux-x86_64-fedora-clang 0.2.3.9 190.14 NOTE
r-devel-linux-x86_64-fedora-gcc 0.2.3.9 193.34 NOTE
r-devel-windows-x86_64 0.2.3.9 13.00 135.00 148.00 NOTE
r-patched-linux-x86_64 0.2.3.9 12.47 132.56 145.03 NOTE
r-release-linux-x86_64 0.2.3.9 9.34 135.09 144.43 NOTE
r-release-macos-arm64 0.2.3.9 53.00 NOTE
r-release-macos-x86_64 0.2.3.9 91.00 NOTE
r-release-windows-x86_64 0.2.3.9 13.00 135.00 148.00 NOTE
r-oldrel-macos-arm64 0.2.3.9 60.00 OK
r-oldrel-macos-x86_64 0.2.3.9 129.00 OK
r-oldrel-windows-x86_64 0.2.3.9 17.00 156.00 173.00 OK

Check Details

Version: 0.2.3.9
Check: Rd files
Result: NOTE checkRd: (-1) GN1000.Rd:8: Lost braces in \itemize; meant \describe ? checkRd: (-1) GN1000.Rd:8: Lost braces 8 | columns(fields): \itemize{ \item{CommonName}{ : }{Common name} | ^ checkRd: (-1) GN1000.Rd:9: Lost braces in \itemize; meant \describe ? checkRd: (-1) GN1000.Rd:9: Lost braces 9 | \item{BotanicalName}{ : }{Botanical name} \item{NationalID}{ : }{NBPGR | ^ checkRd: (-1) GN1000.Rd:9-10: Lost braces 9 | \item{BotanicalName}{ : }{Botanical name} \item{NationalID}{ : }{NBPGR | ^ checkRd: (-1) GN1000.Rd:10: Lost braces in \itemize; meant \describe ? checkRd: (-1) GN1000.Rd:10: Lost braces 10 | National identifier} \item{CollNo}{ : }{Collector number} \item{DonorID}{ : | ^ checkRd: (-1) GN1000.Rd:10-11: Lost braces in \itemize; meant \describe ? checkRd: (-1) GN1000.Rd:11: Lost braces 11 | }{Donor ID} \item{OtherID1}{ : }{Other ID field 1} \item{OtherID2}{ : | ^ checkRd: (-1) GN1000.Rd:11: Lost braces in \itemize; meant \describe ? checkRd: (-1) GN1000.Rd:11: Lost braces 11 | }{Donor ID} \item{OtherID1}{ : }{Other ID field 1} \item{OtherID2}{ : | ^ checkRd: (-1) GN1000.Rd:11-12: Lost braces in \itemize; meant \describe ? checkRd: (-1) GN1000.Rd:12: Lost braces 12 | }{Other ID field 2} \item{BioStatus}{ : }{Biological status} | ^ checkRd: (-1) GN1000.Rd:12: Lost braces in \itemize; meant \describe ? checkRd: (-1) GN1000.Rd:12: Lost braces 12 | }{Other ID field 2} \item{BioStatus}{ : }{Biological status} | ^ checkRd: (-1) GN1000.Rd:13: Lost braces in \itemize; meant \describe ? checkRd: (-1) GN1000.Rd:13: Lost braces 13 | \item{SourceCountry}{ : }{Country of origin} \item{TransferYear}{ : }{Year | ^ checkRd: (-1) GN1000.Rd:13-14: Lost braces 13 | \item{SourceCountry}{ : }{Country of origin} \item{TransferYear}{ : }{Year | ^ checkRd: (-1) ReviewProbDup.Rd:35: Lost braces 35 | \item{insert.blanks}{logical. If \code{TRUE}, inserts a row of /code{NAs} | ^ Flavors: r-devel-linux-x86_64-debian-clang, r-devel-linux-x86_64-debian-gcc, r-devel-linux-x86_64-fedora-clang, r-devel-linux-x86_64-fedora-gcc, r-devel-windows-x86_64, r-patched-linux-x86_64, r-release-linux-x86_64, r-release-macos-arm64, r-release-macos-x86_64, r-release-windows-x86_64