CRAN Package Check Results for Package NlcOptim

Last updated on 2024-04-24 00:55:50 CEST.

Flavor Version Tinstall Tcheck Ttotal Status Flags
r-devel-linux-x86_64-debian-clang 0.6 4.32 30.55 34.87 NOTE
r-devel-linux-x86_64-debian-gcc 0.6 2.46 23.55 26.01 NOTE
r-devel-linux-x86_64-fedora-clang 0.6 42.89 NOTE
r-devel-linux-x86_64-fedora-gcc 0.6 43.52 NOTE
r-prerel-macos-arm64 0.6 16.00 NOTE
r-prerel-windows-x86_64 0.6 4.00 43.00 47.00 NOTE
r-patched-linux-x86_64 0.6 3.27 29.08 32.35 NOTE
r-release-linux-x86_64 0.6 3.98 28.26 32.24 NOTE
r-release-macos-arm64 0.6 17.00 NOTE
r-release-macos-x86_64 0.6 23.00 NOTE
r-release-windows-x86_64 0.6 6.00 41.00 47.00 NOTE
r-oldrel-macos-arm64 0.6 17.00 NOTE
r-oldrel-windows-x86_64 0.6 5.00 46.00 51.00 NOTE

Check Details

Version: 0.6
Check: LazyData
Result: NOTE 'LazyData' is specified without a 'data' directory Flavors: r-devel-linux-x86_64-debian-clang, r-devel-linux-x86_64-debian-gcc, r-devel-linux-x86_64-fedora-clang, r-devel-linux-x86_64-fedora-gcc, r-prerel-macos-arm64, r-prerel-windows-x86_64, r-patched-linux-x86_64, r-release-linux-x86_64, r-release-macos-arm64, r-release-macos-x86_64, r-release-windows-x86_64, r-oldrel-macos-arm64, r-oldrel-windows-x86_64