CRAN Package Check Results for Package MantaID

Last updated on 2024-07-14 16:52:36 CEST.

Flavor Version Tinstall Tcheck Ttotal Status Flags
r-devel-linux-x86_64-debian-clang 1.0.2 36.56 316.37 352.93 WARN
r-devel-linux-x86_64-debian-gcc 1.0.2 32.78 233.85 266.63 WARN
r-devel-linux-x86_64-fedora-clang 1.0.2 476.90 WARN
r-devel-linux-x86_64-fedora-gcc 1.0.2 414.07 WARN
r-devel-windows-x86_64 1.0.2 33.00 213.00 246.00 WARN
r-patched-linux-x86_64 1.0.2 22.15 303.55 325.70 WARN
r-release-linux-x86_64 1.0.2 24.31 308.51 332.82 WARN
r-release-macos-arm64 1.0.2 109.00 OK
r-release-macos-x86_64 1.0.2 168.00 OK
r-release-windows-x86_64 1.0.2 33.00 219.00 252.00 WARN
r-oldrel-macos-arm64 1.0.2 133.00 OK
r-oldrel-macos-x86_64 1.0.2 215.00 OK
r-oldrel-windows-x86_64 1.0.2 46.00 296.00 342.00 WARN

Check Details

Version: 1.0.2
Check: whether package can be installed
Result: WARN Found the following significant warnings: Note: possible error in 'tune(method = tnr("hyperband", ': unused argument (method = tnr("hyperband", eta = 3)) See ‘/home/hornik/tmp/R.check/r-devel-clang/Work/PKGS/MantaID.Rcheck/00install.out’ for details. Information on the location(s) of code generating the ‘Note’s can be obtained by re-running with environment variable R_KEEP_PKG_SOURCE set to ‘yes’. Flavor: r-devel-linux-x86_64-debian-clang

Version: 1.0.2
Check: R code for possible problems
Result: NOTE mi_tune_rg: possible error in tune(method = tnr("hyperband", eta = 3), task = task, learner = learner, resampling = resampling, measures = measure, search_space = search_space): unused argument (method = tnr("hyperband", eta = 3)) mi_tune_rp: possible error in tune(method = tnr("hyperband", eta = 3), task = task, learner = learner, resampling = resampling, measures = measure, search_space = search_space): unused argument (method = tnr("hyperband", eta = 3)) mi_tune_xgb: possible error in tune(method = tnr("hyperband", eta = 3), task = task, learner = learner, resampling = resampling, measures = measure, search_space = search_space): unused argument (method = tnr("hyperband", eta = 3)) Flavors: r-devel-linux-x86_64-debian-clang, r-devel-linux-x86_64-debian-gcc, r-devel-linux-x86_64-fedora-clang, r-devel-linux-x86_64-fedora-gcc, r-devel-windows-x86_64, r-patched-linux-x86_64, r-release-linux-x86_64, r-release-windows-x86_64, r-oldrel-windows-x86_64

Version: 1.0.2
Check: whether package can be installed
Result: WARN Found the following significant warnings: Note: possible error in 'tune(method = tnr("hyperband", ': unused argument (method = tnr("hyperband", eta = 3)) See ‘/home/hornik/tmp/R.check/r-devel-gcc/Work/PKGS/MantaID.Rcheck/00install.out’ for details. Information on the location(s) of code generating the ‘Note’s can be obtained by re-running with environment variable R_KEEP_PKG_SOURCE set to ‘yes’. Flavor: r-devel-linux-x86_64-debian-gcc

Version: 1.0.2
Check: whether package can be installed
Result: WARN Found the following significant warnings: Note: possible error in 'tune(method = tnr("hyperband", ': unused argument (method = tnr("hyperband", eta = 3)) See ‘/data/gannet/ripley/R/packages/tests-clang/MantaID.Rcheck/00install.out’ for details. Information on the location(s) of code generating the ‘Note’s can be obtained by re-running with environment variable R_KEEP_PKG_SOURCE set to ‘yes’. Flavor: r-devel-linux-x86_64-fedora-clang

Version: 1.0.2
Check: whether package can be installed
Result: WARN Found the following significant warnings: Note: possible error in 'tune(method = tnr("hyperband", ': unused argument (method = tnr("hyperband", eta = 3)) See ‘/data/gannet/ripley/R/packages/tests-devel/MantaID.Rcheck/00install.out’ for details. Information on the location(s) of code generating the ‘Note’s can be obtained by re-running with environment variable R_KEEP_PKG_SOURCE set to ‘yes’. Flavor: r-devel-linux-x86_64-fedora-gcc

Version: 1.0.2
Check: whether package can be installed
Result: WARN Found the following significant warnings: Note: possible error in 'tune(method = tnr("hyperband", ': unused argument (method = tnr("hyperband", eta = 3)) See 'd:/Rcompile/CRANpkg/local/4.5/MantaID.Rcheck/00install.out' for details. Information on the location(s) of code generating the 'Note's can be obtained by re-running with environment variable R_KEEP_PKG_SOURCE set to 'yes'. Flavor: r-devel-windows-x86_64

Version: 1.0.2
Check: whether package can be installed
Result: WARN Found the following significant warnings: Note: possible error in 'tune(method = tnr("hyperband", ': unused argument (method = tnr("hyperband", eta = 3)) See ‘/home/hornik/tmp/R.check/r-patched-gcc/Work/PKGS/MantaID.Rcheck/00install.out’ for details. Information on the location(s) of code generating the ‘Note’s can be obtained by re-running with environment variable R_KEEP_PKG_SOURCE set to ‘yes’. Flavor: r-patched-linux-x86_64

Version: 1.0.2
Check: whether package can be installed
Result: WARN Found the following significant warnings: Note: possible error in 'tune(method = tnr("hyperband", ': unused argument (method = tnr("hyperband", eta = 3)) See ‘/home/hornik/tmp/R.check/r-release-gcc/Work/PKGS/MantaID.Rcheck/00install.out’ for details. Information on the location(s) of code generating the ‘Note’s can be obtained by re-running with environment variable R_KEEP_PKG_SOURCE set to ‘yes’. Flavor: r-release-linux-x86_64

Version: 1.0.2
Check: whether package can be installed
Result: WARN Found the following significant warnings: Note: possible error in 'tune(method = tnr("hyperband", ': unused argument (method = tnr("hyperband", eta = 3)) See 'd:/Rcompile/CRANpkg/local/4.4/MantaID.Rcheck/00install.out' for details. Information on the location(s) of code generating the 'Note's can be obtained by re-running with environment variable R_KEEP_PKG_SOURCE set to 'yes'. Flavor: r-release-windows-x86_64

Version: 1.0.2
Check: whether package can be installed
Result: WARN Found the following significant warnings: Note: possible error in 'tune(method = tnr("hyperband", ': unused argument (method = tnr("hyperband", eta = 3)) See 'd:/Rcompile/CRANpkg/local/4.3/MantaID.Rcheck/00install.out' for details. Information on the location(s) of code generating the 'Note's can be obtained by re-running with environment variable R_KEEP_PKG_SOURCE set to 'yes'. Flavor: r-oldrel-windows-x86_64