CRAN Package Check Results for Package MTLR

Last updated on 2024-06-22 16:49:08 CEST.

Flavor Version Tinstall Tcheck Ttotal Status Flags
r-devel-linux-x86_64-debian-clang 0.2.1 37.98 75.77 113.75 NOTE
r-devel-linux-x86_64-debian-gcc 0.2.1 28.85 55.07 83.92 NOTE
r-devel-linux-x86_64-fedora-clang 0.2.1 151.11 NOTE
r-devel-linux-x86_64-fedora-gcc 0.2.1 162.77 NOTE
r-devel-windows-x86_64 0.2.1 31.00 87.00 118.00 NOTE
r-patched-linux-x86_64 0.2.1 36.91 70.44 107.35 NOTE
r-release-linux-x86_64 0.2.1 34.92 70.56 105.48 NOTE
r-release-macos-arm64 0.2.1 47.00 NOTE
r-release-macos-x86_64 0.2.1 79.00 NOTE
r-release-windows-x86_64 0.2.1 32.00 89.00 121.00 NOTE
r-oldrel-macos-arm64 0.2.1 49.00 NOTE
r-oldrel-macos-x86_64 0.2.1 78.00 NOTE
r-oldrel-windows-x86_64 0.2.1 38.00 106.00 144.00 NOTE

Check Details

Version: 0.2.1
Check: LazyData
Result: NOTE 'LazyData' is specified without a 'data' directory Flavors: r-devel-linux-x86_64-debian-clang, r-devel-linux-x86_64-debian-gcc, r-devel-linux-x86_64-fedora-clang, r-devel-linux-x86_64-fedora-gcc, r-devel-windows-x86_64, r-patched-linux-x86_64, r-release-linux-x86_64, r-release-macos-arm64, r-release-macos-x86_64, r-release-windows-x86_64, r-oldrel-macos-arm64, r-oldrel-macos-x86_64, r-oldrel-windows-x86_64