CRAN Package Check Results for Package MRPC

Last updated on 2024-04-21 08:53:55 CEST.

Flavor Version Tinstall Tcheck Ttotal Status Flags
r-devel-linux-x86_64-debian-clang 3.1.0 0.70 2.17 2.87 ERROR
r-devel-linux-x86_64-debian-gcc 3.1.0 39.11 251.92 291.03 OK
r-devel-linux-x86_64-fedora-clang 3.1.0 493.75 OK
r-devel-linux-x86_64-fedora-gcc 3.1.0 474.01 OK
r-prerel-macos-arm64 3.1.0 128.00 OK
r-prerel-macos-x86_64 3.1.0 229.00 OK
r-prerel-windows-x86_64 3.1.0 40.00 245.00 285.00 OK
r-patched-linux-x86_64 3.1.0 42.92 324.62 367.54 OK
r-release-linux-x86_64 3.1.0 34.29 344.50 378.79 OK
r-release-macos-arm64 3.1.0 141.00 OK
r-release-macos-x86_64 3.1.0 222.00 OK
r-release-windows-x86_64 3.1.0 53.00 348.00 401.00 OK
r-oldrel-macos-arm64 3.1.0 127.00 OK
r-oldrel-windows-x86_64 3.1.0 53.00 340.00 393.00 OK

Check Details

Version: 3.1.0
Check: package dependencies
Result: ERROR Package required but not available: ‘WGCNA’ See section ‘The DESCRIPTION file’ in the ‘Writing R Extensions’ manual. Flavor: r-devel-linux-x86_64-debian-clang