CRAN Package Check Results for Package LW1949

Last updated on 2024-04-18 08:54:35 CEST.

Flavor Version Tinstall Tcheck Ttotal Status Flags
r-devel-linux-x86_64-debian-clang 1.1.0 10.40 96.32 106.72 NOTE
r-devel-linux-x86_64-debian-gcc 1.1.0 8.05 72.98 81.03 NOTE
r-devel-linux-x86_64-fedora-clang 1.1.0 132.73 NOTE
r-devel-linux-x86_64-fedora-gcc 1.1.0 140.76 NOTE
r-prerel-macos-arm64 1.1.0 54.00 NOTE
r-prerel-windows-x86_64 1.1.0 8.00 90.00 98.00 NOTE
r-patched-linux-x86_64 1.1.0 10.89 94.54 105.43 NOTE
r-release-linux-x86_64 1.1.0 9.00 90.02 99.02 NOTE
r-release-macos-arm64 1.1.0 50.00 NOTE
r-release-macos-x86_64 1.1.0 86.00 NOTE
r-release-windows-x86_64 1.1.0 11.00 106.00 117.00 NOTE
r-oldrel-macos-arm64 1.1.0 47.00 NOTE
r-oldrel-windows-x86_64 1.1.0 11.00 106.00 117.00 NOTE

Check Details

Version: 1.1.0
Check: LazyData
Result: NOTE 'LazyData' is specified without a 'data' directory Flavors: r-devel-linux-x86_64-debian-clang, r-devel-linux-x86_64-debian-gcc, r-devel-linux-x86_64-fedora-clang, r-devel-linux-x86_64-fedora-gcc, r-prerel-macos-arm64, r-prerel-windows-x86_64, r-patched-linux-x86_64, r-release-linux-x86_64, r-release-macos-arm64, r-release-macos-x86_64, r-release-windows-x86_64, r-oldrel-macos-arm64, r-oldrel-windows-x86_64

Version: 1.1.0
Check: Rd cross-references
Result: NOTE Undeclared package ‘zoo’ in Rd xrefs Flavor: r-devel-linux-x86_64-fedora-clang