CRAN Package Check Results for Package LVGP

Last updated on 2024-05-20 08:49:02 CEST.

Flavor Version Tinstall Tcheck Ttotal Status Flags
r-devel-linux-x86_64-debian-clang 2.1.5 3.89 38.44 42.33 NOTE
r-devel-linux-x86_64-debian-gcc 2.1.5 2.75 28.84 31.59 NOTE
r-devel-linux-x86_64-fedora-clang 2.1.5 51.92 NOTE
r-devel-linux-x86_64-fedora-gcc 2.1.5 95.53 NOTE
r-devel-windows-x86_64 2.1.5 4.00 49.00 53.00 NOTE
r-patched-linux-x86_64 2.1.5 4.04 37.07 41.11 NOTE
r-release-linux-x86_64 2.1.5 2.45 36.29 38.74 NOTE
r-release-macos-arm64 2.1.5 20.00 NOTE
r-release-windows-x86_64 2.1.5 4.00 49.00 53.00 NOTE
r-oldrel-macos-arm64 2.1.5 21.00 OK
r-oldrel-macos-x86_64 2.1.5 28.00 OK
r-oldrel-windows-x86_64 2.1.5 5.00 54.00 59.00 OK

Check Details

Version: 2.1.5
Check: Rd files
Result: NOTE checkRd: (-1) LVGP_fit.Rd:47: Lost braces in \itemize; \value handles \item{}{} directly checkRd: (-1) LVGP_fit.Rd:48: Lost braces in \itemize; \value handles \item{}{} directly checkRd: (-1) LVGP_fit.Rd:49: Lost braces in \itemize; \value handles \item{}{} directly checkRd: (-1) LVGP_fit.Rd:50: Lost braces in \itemize; \value handles \item{}{} directly checkRd: (-1) LVGP_fit.Rd:51: Lost braces in \itemize; \value handles \item{}{} directly checkRd: (-1) LVGP_fit.Rd:52: Lost braces in \itemize; \value handles \item{}{} directly checkRd: (-1) LVGP_predict.Rd:20: Lost braces in \itemize; \value handles \item{}{} directly checkRd: (-1) LVGP_predict.Rd:21: Lost braces in \itemize; \value handles \item{}{} directly checkRd: (-1) math_example.Rd:21: Lost braces 21 | Data are sampled from the modified math function based on the first example in the paper listed in code{references}. | ^ Flavors: r-devel-linux-x86_64-debian-clang, r-devel-linux-x86_64-debian-gcc, r-devel-linux-x86_64-fedora-clang, r-devel-linux-x86_64-fedora-gcc, r-devel-windows-x86_64, r-patched-linux-x86_64, r-release-linux-x86_64, r-release-macos-arm64, r-release-windows-x86_64