CRAN Package Check Results for Package KoulMde

Last updated on 2024-07-15 16:56:24 CEST.

Flavor Version Tinstall Tcheck Ttotal Status Flags
r-devel-linux-x86_64-debian-clang 3.2.1 61.55 68.09 129.64 NOTE
r-devel-linux-x86_64-debian-gcc 3.2.1 38.00 52.11 90.11 NOTE
r-devel-linux-x86_64-fedora-clang 3.2.1 172.99 NOTE
r-devel-linux-x86_64-fedora-gcc 3.2.1 171.29 NOTE
r-devel-windows-x86_64 3.2.1 47.00 85.00 132.00 NOTE
r-patched-linux-x86_64 3.2.1 52.44 65.87 118.31 NOTE
r-release-linux-x86_64 3.2.1 43.56 65.70 109.26 NOTE
r-release-macos-arm64 3.2.1 41.00 NOTE
r-release-macos-x86_64 3.2.1 63.00 NOTE
r-release-windows-x86_64 3.2.1 47.00 86.00 133.00 NOTE
r-oldrel-macos-arm64 3.2.1 51.00 NOTE
r-oldrel-macos-x86_64 3.2.1 77.00 NOTE
r-oldrel-windows-x86_64 3.2.1 55.00 104.00 159.00 NOTE

Check Details

Version: 3.2.1
Check: C++ specification
Result: NOTE Specified C++11: please drop specification unless essential Flavors: r-devel-linux-x86_64-debian-clang, r-devel-linux-x86_64-debian-gcc, r-devel-linux-x86_64-fedora-clang, r-devel-linux-x86_64-fedora-gcc, r-devel-windows-x86_64, r-patched-linux-x86_64, r-release-linux-x86_64, r-release-macos-arm64, r-release-macos-x86_64, r-release-windows-x86_64, r-oldrel-macos-arm64, r-oldrel-macos-x86_64, r-oldrel-windows-x86_64

Version: 3.2.1
Check: LazyData
Result: NOTE 'LazyData' is specified without a 'data' directory Flavors: r-devel-linux-x86_64-debian-clang, r-devel-linux-x86_64-debian-gcc, r-devel-linux-x86_64-fedora-clang, r-devel-linux-x86_64-fedora-gcc, r-devel-windows-x86_64, r-patched-linux-x86_64, r-release-linux-x86_64, r-release-macos-arm64, r-release-macos-x86_64, r-release-windows-x86_64, r-oldrel-macos-arm64, r-oldrel-macos-x86_64, r-oldrel-windows-x86_64