CRAN Package Check Results for Package KScorrect

Last updated on 2024-04-16 01:02:05 CEST.

Flavor Version Tinstall Tcheck Ttotal Status Flags
r-devel-linux-x86_64-debian-clang 1.4.0 3.06 37.01 40.07 NOTE
r-devel-linux-x86_64-debian-gcc 1.4.0 2.31 27.44 29.75 NOTE
r-devel-linux-x86_64-fedora-clang 1.4.0 48.62 NOTE
r-devel-linux-x86_64-fedora-gcc 1.4.0 46.79 NOTE
r-prerel-macos-arm64 1.4.0 17.00 NOTE
r-prerel-windows-x86_64 1.4.0 4.00 49.00 53.00 NOTE
r-patched-linux-x86_64 1.4.0 2.81 34.50 37.31 NOTE
r-release-linux-x86_64 1.4.0 3.21 34.04 37.25 NOTE
r-release-macos-arm64 1.4.0 19.00 NOTE
r-release-macos-x86_64 1.4.0 26.00 NOTE
r-release-windows-x86_64 1.4.0 4.00 49.00 53.00 NOTE
r-oldrel-macos-arm64 1.4.0 19.00 NOTE
r-oldrel-windows-x86_64 1.4.0 5.00 51.00 56.00 NOTE

Check Details

Version: 1.4.0
Check: Rd files
Result: NOTE checkRd: (-1) ks_test_stat.Rd:14: Lost braces 14 | are valid. See /code{LcKS} for accepted functions.} | ^ Flavors: r-devel-linux-x86_64-debian-clang, r-devel-linux-x86_64-debian-gcc, r-devel-linux-x86_64-fedora-clang, r-devel-linux-x86_64-fedora-gcc, r-prerel-macos-arm64, r-prerel-windows-x86_64, r-patched-linux-x86_64

Version: 1.4.0
Check: LazyData
Result: NOTE 'LazyData' is specified without a 'data' directory Flavors: r-devel-linux-x86_64-debian-clang, r-devel-linux-x86_64-debian-gcc, r-devel-linux-x86_64-fedora-clang, r-devel-linux-x86_64-fedora-gcc, r-prerel-macos-arm64, r-prerel-windows-x86_64, r-patched-linux-x86_64, r-release-linux-x86_64, r-release-macos-arm64, r-release-macos-x86_64, r-release-windows-x86_64, r-oldrel-macos-arm64, r-oldrel-windows-x86_64