CRAN Package Check Results for Package ImputeLongiCovs

Last updated on 2024-04-14 16:54:50 CEST.

Flavor Version Tinstall Tcheck Ttotal Status Flags
r-devel-linux-x86_64-debian-clang 0.1.0 3.39 55.48 58.87 NOTE
r-devel-linux-x86_64-debian-gcc 0.1.0 2.48 40.50 42.98 NOTE
r-devel-linux-x86_64-fedora-clang 0.1.0 70.31 NOTE
r-devel-linux-x86_64-fedora-gcc 0.1.0 80.95 NOTE
r-devel-windows-x86_64 0.1.0 3.00 61.00 64.00 NOTE
r-patched-linux-x86_64 0.1.0 3.24 52.86 56.10 NOTE
r-release-linux-x86_64 0.1.0 3.26 49.94 53.20 OK
r-release-macos-arm64 0.1.0 43.00 OK
r-release-macos-x86_64 0.1.0 101.00 OK
r-release-windows-x86_64 0.1.0 3.00 66.00 69.00 OK
r-oldrel-macos-arm64 0.1.0 28.00 OK
r-oldrel-windows-x86_64 0.1.0 4.00 72.00 76.00 OK

Check Details

Version: 0.1.0
Check: Rd files
Result: NOTE checkRd: (-1) analyses_data.Rd:19: Lost braces; missing escapes or markup? 19 | \item {patient_id}: {Unique identifier for each patient} | ^ checkRd: (-1) analyses_data.Rd:20: Lost braces; missing escapes or markup? 20 | \item {tran_Year}: {numeric, starting from 1 up to the number of transitions} | ^ checkRd: (-1) analyses_data.Rd:21: Lost braces; missing escapes or markup? 21 | \item {transition_year}: {text explanation of the transition} | ^ checkRd: (-1) analyses_data.Rd:22: Lost braces; missing escapes or markup? 22 | \item {state_from}: {the state at the beginning of a transition} | ^ checkRd: (-1) analyses_data.Rd:23: Lost braces; missing escapes or markup? 23 | \item {state_to}: {the state at the end of a transition} | ^ checkRd: (-1) analyses_data.Rd:24: Lost braces; missing escapes or markup? 24 | \item {prob_matrix}: {the probability matrix that was generated by the initial data} | ^ checkRd: (-1) analyses_data.Rd:25: Lost braces; missing escapes or markup? 25 | \item {cardio_state_from}: {cardiovascular disease at the beginning of the transition, binary, if 1 == Yes, else No} | ^ checkRd: (-1) analyses_data.Rd:26: Lost braces; missing escapes or markup? 26 | \item {cardio_state_to}: {cardiovascular disease at the end of the transition, binary, if 1 == Yes, else No} | ^ checkRd: (-1) analyses_data.Rd:27: Lost braces; missing escapes or markup? 27 | \item {flu_vaccination_state_from}: {flu vaccination at the end of the transition, binary, if 1 == Yes, else No} | ^ checkRd: (-1) analyses_data.Rd:28: Lost braces; missing escapes or markup? 28 | \item {flu_vaccination_state_to}: {flu vaccination disease at the end of the transition, binary, if 1 == Yes, else No} | ^ checkRd: (-1) initial_data.Rd:19: Lost braces; missing escapes or markup? 19 | \item {patient_id}: {Unique identifier for each patient} | ^ checkRd: (-1) initial_data.Rd:20: Lost braces; missing escapes or markup? 20 | \item {tran_Year}: {numeric, starting from 1 up to the number of transitions} | ^ checkRd: (-1) initial_data.Rd:21: Lost braces; missing escapes or markup? 21 | \item {transition_year}: {text explanation of the transition} | ^ checkRd: (-1) initial_data.Rd:22: Lost braces; missing escapes or markup? 22 | \item {state_from}: {the state at the beginning of a transition} | ^ checkRd: (-1) initial_data.Rd:23: Lost braces; missing escapes or markup? 23 | \item {state_to}: {the state at the end of a transition} | ^ checkRd: (-1) initial_data.Rd:24: Lost braces; missing escapes or markup? 24 | \item {cardio_state_from}: {cardiovascular disease at the beginning of the transition, binary, if 1 == Yes, else No} | ^ checkRd: (-1) initial_data.Rd:25: Lost braces; missing escapes or markup? 25 | \item {cardio_state_to}: {cardiovascular disease at the end of the transition, binary, if 1 == Yes, else No} | ^ checkRd: (-1) initial_data.Rd:26: Lost braces; missing escapes or markup? 26 | \item {flu_vaccination_state_from}: {flu vaccination at the end of the transition, binary, if 1 == Yes, else No} | ^ checkRd: (-1) initial_data.Rd:27: Lost braces; missing escapes or markup? 27 | \item {flu_vaccination_state_to}: {flu vaccination disease at the end of the transition, binary, if 1 == Yes, else No} | ^ Flavors: r-devel-linux-x86_64-debian-clang, r-devel-linux-x86_64-debian-gcc, r-devel-linux-x86_64-fedora-clang, r-devel-linux-x86_64-fedora-gcc, r-devel-windows-x86_64, r-patched-linux-x86_64