CRAN Package Check Results for Package IRISSeismic

Last updated on 2024-05-30 16:48:09 CEST.

Flavor Version Tinstall Tcheck Ttotal Status Flags
r-devel-linux-x86_64-debian-clang 1.6.6 18.89 81.12 100.01 NOTE
r-devel-linux-x86_64-debian-gcc 1.6.6 14.69 61.28 75.97 NOTE
r-devel-linux-x86_64-fedora-clang 1.6.6 120.83 NOTE
r-devel-linux-x86_64-fedora-gcc 1.6.6 138.66 NOTE
r-devel-windows-x86_64 1.6.6 43.00 127.00 170.00 NOTE
r-patched-linux-x86_64 1.6.6 20.99 77.88 98.87 NOTE
r-release-linux-x86_64 1.6.6 19.07 79.42 98.49 NOTE
r-release-macos-arm64 1.6.6 143.00 NOTE
r-release-windows-x86_64 1.6.6 44.00 128.00 172.00 NOTE
r-oldrel-macos-arm64 1.6.6 145.00 OK
r-oldrel-macos-x86_64 1.6.6 174.00 OK
r-oldrel-windows-x86_64 1.6.6 53.00 161.00 214.00 OK

Check Details

Version: 1.6.6
Check: Rd files
Result: NOTE checkRd: (-1) getTimeseries.Rd:30: Lost braces 30 | \code{processing}{optional character string with processing commands } | ^ checkRd: (-1) mergeTraces.Rd:27: Lost braces in \itemize; meant \describe ? checkRd: (-1) mergeTraces.Rd:28: Lost braces in \itemize; meant \describe ? checkRd: (-1) psdStatistics.Rd:26: Lost braces in \itemize; \value handles \item{}{} directly checkRd: (-1) psdStatistics.Rd:27: Lost braces in \itemize; \value handles \item{}{} directly checkRd: (-1) psdStatistics.Rd:28: Lost braces in \itemize; \value handles \item{}{} directly checkRd: (-1) psdStatistics.Rd:29: Lost braces in \itemize; \value handles \item{}{} directly checkRd: (-1) psdStatistics.Rd:30: Lost braces in \itemize; \value handles \item{}{} directly checkRd: (-1) psdStatistics.Rd:31: Lost braces in \itemize; \value handles \item{}{} directly checkRd: (-1) psdStatistics.Rd:32: Lost braces in \itemize; \value handles \item{}{} directly checkRd: (-1) psdStatistics.Rd:33: Lost braces in \itemize; \value handles \item{}{} directly checkRd: (-1) psdStatistics.Rd:34: Lost braces in \itemize; \value handles \item{}{} directly checkRd: (-1) psdStatistics.Rd:35: Lost braces in \itemize; \value handles \item{}{} directly checkRd: (-1) psdStatistics.Rd:36: Lost braces in \itemize; \value handles \item{}{} directly checkRd: (-1) psdStatistics.Rd:37: Lost braces in \itemize; \value handles \item{}{} directly checkRd: (-1) psdStatistics.Rd:38: Lost braces in \itemize; \value handles \item{}{} directly Flavors: r-devel-linux-x86_64-debian-clang, r-devel-linux-x86_64-debian-gcc, r-devel-linux-x86_64-fedora-clang, r-devel-linux-x86_64-fedora-gcc, r-devel-windows-x86_64, r-patched-linux-x86_64, r-release-linux-x86_64, r-release-macos-arm64, r-release-windows-x86_64