CRAN Package Check Results for Package INTRIGUE

Last updated on 2024-06-05 00:48:50 CEST.

Flavor Version Tinstall Tcheck Ttotal Status Flags
r-devel-linux-x86_64-debian-clang 0.1.0 3.84 34.75 38.59 OK
r-devel-linux-x86_64-debian-gcc 0.1.0 2.58 25.31 27.89 OK
r-devel-linux-x86_64-fedora-clang 0.1.0 47.70 NOTE
r-devel-linux-x86_64-fedora-gcc 0.1.0 44.13 NOTE
r-devel-windows-x86_64 0.1.0 4.00 47.00 51.00 OK
r-patched-linux-x86_64 0.1.0 3.25 33.46 36.71 OK
r-release-linux-x86_64 0.1.0 2.79 33.20 35.99 OK
r-release-macos-arm64 0.1.0 18.00 OK
r-release-windows-x86_64 0.1.0 4.00 45.00 49.00 OK
r-oldrel-macos-arm64 0.1.0 20.00 OK
r-oldrel-macos-x86_64 0.1.0 24.00 OK
r-oldrel-windows-x86_64 0.1.0 5.00 38.00 43.00 OK

Check Details

Version: 0.1.0
Check: dependencies in R code
Result: NOTE Namespace in Imports field not imported from: ‘dplyr’ All declared Imports should be used. Flavors: r-devel-linux-x86_64-fedora-clang, r-devel-linux-x86_64-fedora-gcc