CRAN Package Check Results for Package IHSEP

Last updated on 2024-07-25 16:46:15 CEST.

Flavor Version Tinstall Tcheck Ttotal Status Flags
r-devel-linux-x86_64-debian-clang 0.3.1 25.58 33.25 58.83 NOTE
r-devel-linux-x86_64-debian-gcc 0.3.1 17.61 25.60 43.21 NOTE
r-devel-linux-x86_64-fedora-clang 0.3.1 107.61 NOTE
r-devel-linux-x86_64-fedora-gcc 0.3.1 78.94 NOTE
r-devel-windows-x86_64 0.3.1 22.00 70.00 92.00 NOTE
r-patched-linux-x86_64 0.3.1 NOTE
r-release-linux-x86_64 0.3.1 20.12 32.05 52.17 NOTE
r-release-macos-arm64 0.3.1 27.00 NOTE
r-release-macos-x86_64 0.3.1 32.00 NOTE
r-release-windows-x86_64 0.3.1 29.00 63.00 92.00 NOTE
r-oldrel-macos-arm64 0.3.1 28.00 OK
r-oldrel-macos-x86_64 0.3.1 43.00 OK
r-oldrel-windows-x86_64 0.3.1 21.00 76.00 97.00 OK

Check Details

Version: 0.3.1
Check: Rd files
Result: NOTE checkRd: (-1) simHawkes1a.Rd:35: Lost braces; missing escapes or markup? 35 | distribution; 'd${dis}' gives the density function \eqn{g(\cdot)}.} | ^ Flavors: r-devel-linux-x86_64-debian-clang, r-devel-linux-x86_64-debian-gcc, r-devel-linux-x86_64-fedora-clang, r-devel-linux-x86_64-fedora-gcc, r-devel-windows-x86_64, r-patched-linux-x86_64, r-release-linux-x86_64, r-release-macos-arm64, r-release-macos-x86_64, r-release-windows-x86_64