CRAN Package Check Results for Package ICAMS

Last updated on 2024-04-18 16:49:57 CEST.

Flavor Version Tinstall Tcheck Ttotal Status Flags
r-devel-linux-x86_64-debian-clang 2.3.12 63.62 826.09 889.71 OK
r-devel-linux-x86_64-debian-gcc 2.3.12 46.71 663.43 710.14 OK
r-devel-linux-x86_64-fedora-clang 2.3.12 1209.81 OK
r-devel-linux-x86_64-fedora-gcc 2.3.12 1157.83 OK
r-prerel-macos-arm64 2.3.12 181.00 NOTE
r-prerel-macos-x86_64 2.3.12 565.00 NOTE
r-prerel-windows-x86_64 2.3.12 56.00 575.00 631.00 OK
r-patched-linux-x86_64 2.3.12 51.41 844.70 896.11 OK
r-release-linux-x86_64 2.3.12 44.50 874.54 919.04 OK
r-release-macos-arm64 2.3.12 197.00 NOTE
r-release-macos-x86_64 2.3.12 419.00 NOTE
r-release-windows-x86_64 2.3.12 75.00 547.00 622.00 NOTE
r-oldrel-macos-arm64 2.3.12 248.00 NOTE
r-oldrel-windows-x86_64 2.3.12 71.00 461.00 532.00 NOTE

Check Details

Version: 2.3.12
Check: package dependencies
Result: NOTE Packages suggested but not available for checking: 'BSgenome.Hsapiens.1000genomes.hs37d5', 'BSgenome.Hsapiens.UCSC.hg38', 'BSgenome.Mmusculus.UCSC.mm10' Flavors: r-prerel-macos-arm64, r-prerel-macos-x86_64, r-release-macos-arm64, r-release-macos-x86_64

Version: 2.3.12
Check: package dependencies
Result: NOTE Packages suggested but not available for checking: 'BSgenome.Hsapiens.1000genomes.hs37d5', 'BSgenome.Mmusculus.UCSC.mm10' Flavors: r-release-windows-x86_64, r-oldrel-windows-x86_64

Version: 2.3.12
Check: package dependencies
Result: NOTE Packages suggested but not available for checking: 'BSgenome.Hsapiens.UCSC.hg38', 'BSgenome.Mmusculus.UCSC.mm10' Flavor: r-oldrel-macos-arm64