CRAN Package Check Results for Package GreedyEPL

Last updated on 2024-07-15 16:56:22 CEST.

Flavor Version Tinstall Tcheck Ttotal Status Flags
r-devel-linux-x86_64-debian-clang 1.2 129.27 27.12 156.39 NOTE
r-devel-linux-x86_64-debian-gcc 1.2 74.10 21.26 95.36 NOTE
r-devel-linux-x86_64-fedora-clang 1.2 220.11 NOTE
r-devel-linux-x86_64-fedora-gcc 1.2 215.37 NOTE
r-devel-windows-x86_64 1.2 91.00 61.00 152.00 NOTE
r-patched-linux-x86_64 1.2 90.47 26.14 116.61 NOTE
r-release-linux-x86_64 1.2 97.05 26.81 123.86 NOTE
r-release-macos-arm64 1.2 39.00 NOTE
r-release-macos-x86_64 1.2 43.00 NOTE
r-release-windows-x86_64 1.2 89.00 60.00 149.00 NOTE
r-oldrel-macos-arm64 1.2 49.00 OK
r-oldrel-macos-x86_64 1.2 78.00 OK
r-oldrel-windows-x86_64 1.2 109.00 71.00 180.00 OK

Check Details

Version: 1.2
Check: Rd files
Result: NOTE checkRd: (-1) MinimiseEPL.Rd:17: Lost braces in \itemize; meant \describe ? checkRd: (-1) MinimiseEPL.Rd:18: Lost braces in \itemize; meant \describe ? checkRd: (-1) MinimiseEPL.Rd:19: Lost braces in \itemize; meant \describe ? checkRd: (-1) MinimiseEPL.Rd:20: Lost braces in \itemize; meant \describe ? Flavors: r-devel-linux-x86_64-debian-clang, r-devel-linux-x86_64-debian-gcc, r-devel-linux-x86_64-fedora-clang, r-devel-linux-x86_64-fedora-gcc, r-devel-windows-x86_64, r-patched-linux-x86_64, r-release-linux-x86_64, r-release-macos-arm64, r-release-macos-x86_64, r-release-windows-x86_64