Last updated on 2025-01-21 23:50:27 CET.
Flavor | Version | Tinstall | Tcheck | Ttotal | Status | Flags |
---|---|---|---|---|---|---|
r-devel-linux-x86_64-debian-clang | 1.0 | 9.14 | 102.62 | 111.76 | OK | |
r-devel-linux-x86_64-debian-gcc | 1.0 | 6.56 | 71.59 | 78.15 | OK | |
r-devel-linux-x86_64-fedora-clang | 1.0 | 183.75 | OK | |||
r-devel-linux-x86_64-fedora-gcc | 1.0 | 180.59 | OK | |||
r-devel-windows-x86_64 | 1.0 | 9.00 | 108.00 | 117.00 | OK | |
r-patched-linux-x86_64 | 1.0 | 8.32 | 96.18 | 104.50 | OK | |
r-release-linux-x86_64 | 1.0 | 8.05 | 96.06 | 104.11 | OK | |
r-release-macos-arm64 | 1.0 | 53.00 | OK | |||
r-release-macos-x86_64 | 1.0 | 85.00 | OK | |||
r-release-windows-x86_64 | 1.0 | 10.00 | 106.00 | 116.00 | NOTE | |
r-oldrel-macos-arm64 | 1.0 | 62.00 | OK | |||
r-oldrel-macos-x86_64 | 1.0 | 95.00 | OK | |||
r-oldrel-windows-x86_64 | 1.0 | 12.00 | 131.00 | 143.00 | NOTE |
Version: 1.0
Check: package dependencies
Result: NOTE
Package suggested but not available for checking: 'doMC'
Flavors: r-release-windows-x86_64, r-oldrel-windows-x86_64