CRAN Package Check Results for Package GiNA

Last updated on 2024-06-23 16:56:22 CEST.

Flavor Version Tinstall Tcheck Ttotal Status Flags
r-devel-linux-x86_64-debian-clang 1.0.1 8.17 71.88 80.05 NOTE
r-devel-linux-x86_64-debian-gcc 1.0.1 6.26 54.17 60.43 NOTE
r-devel-linux-x86_64-fedora-clang 1.0.1 97.40 NOTE
r-devel-linux-x86_64-fedora-gcc 1.0.1 93.98 NOTE
r-devel-windows-x86_64 1.0.1 8.00 76.00 84.00 OK
r-patched-linux-x86_64 1.0.1 12.18 70.69 82.87 NOTE
r-release-linux-x86_64 1.0.1 7.84 72.35 80.19 NOTE
r-release-macos-arm64 1.0.1 34.00 OK
r-release-macos-x86_64 1.0.1 58.00 OK
r-release-windows-x86_64 1.0.1 8.00 77.00 85.00 OK
r-oldrel-macos-arm64 1.0.1 37.00 OK
r-oldrel-macos-x86_64 1.0.1 58.00 OK
r-oldrel-windows-x86_64 1.0.1 11.00 94.00 105.00 OK

Check Details

Version: 1.0.1
Check: for non-standard things in the check directory
Result: NOTE Found the following files/directories: ‘Pictures_analyzed’ ‘cutoff_vals’ ‘cutoff_vals1’ ‘gina_cran.JPG’ Flavors: r-devel-linux-x86_64-debian-clang, r-devel-linux-x86_64-debian-gcc, r-devel-linux-x86_64-fedora-clang, r-devel-linux-x86_64-fedora-gcc, r-patched-linux-x86_64, r-release-linux-x86_64