CRAN Package Check Results for Package GeoModels

Last updated on 2024-05-20 00:51:52 CEST.

Flavor Version Tinstall Tcheck Ttotal Status Flags
r-devel-linux-x86_64-debian-clang 2.0.2 63.33 276.13 339.46 OK
r-devel-linux-x86_64-debian-gcc 2.0.2 54.41 186.51 240.92 OK
r-devel-linux-x86_64-fedora-clang 2.0.2 412.02 OK
r-devel-linux-x86_64-fedora-gcc 2.0.2 402.79 OK
r-devel-windows-x86_64 2.0.2 59.00 222.00 281.00 OK
r-patched-linux-x86_64 2.0.1 86.77 249.82 336.59 WARN
r-release-linux-x86_64 2.0.2 77.68 248.40 326.08 OK
r-release-macos-arm64 2.0.2 97.00 OK
r-release-macos-x86_64 2.0.2 276.00 OK
r-release-windows-x86_64 2.0.2 55.00 225.00 280.00 OK
r-oldrel-macos-arm64 2.0.2 101.00 OK
r-oldrel-macos-x86_64 2.0.2 266.00 OK
r-oldrel-windows-x86_64 2.0.2 50.00 276.00 326.00 OK

Check Details

Version: 2.0.1
Check: whether package can be installed
Result: WARN Found the following significant warnings: Warning: Fortran 2018 deleted feature: DO termination statement which is not END DO or CONTINUE with label 10 at (1) Warning: Fortran 2018 deleted feature: DO termination statement which is not END DO or CONTINUE with label 15 at (1) Warning: Fortran 2018 deleted feature: DO termination statement which is not END DO or CONTINUE with label 20 at (1) Warning: Fortran 2018 deleted feature: DO termination statement which is not END DO or CONTINUE with label 25 at (1) Warning: Fortran 2018 deleted feature: Shared DO termination label 10 at (1) Warning: Fortran 2018 deleted feature: Shared DO termination label 15 at (1) Warning: Fortran 2018 deleted feature: Shared DO termination label 20 at (1) Warning: Fortran 2018 deleted feature: DO termination statement which is not END DO or CONTINUE with label 30 at (1) Warning: Fortran 2018 deleted feature: DO termination statement which is not END DO or CONTINUE with label 35 at (1) Warning: Fortran 2018 deleted feature: DO termination statement which is not END DO or CONTINUE with label 40 at (1) Warning: Fortran 2018 deleted feature: Shared DO termination label 45 at (1) Warning: Fortran 2018 deleted feature: DO termination statement which is not END DO or CONTINUE with label 50 at (1) Warning: Fortran 2018 deleted feature: Shared DO termination label 55 at (1) Warning: Fortran 2018 deleted feature: Shared DO termination label 35 at (1) Warning: Fortran 2018 deleted feature: DO termination statement which is not END DO or CONTINUE with label 45 at (1) Warning: Fortran 2018 deleted feature: DO termination statement which is not END DO or CONTINUE with label 65 at (1) Warning: Fortran 2018 deleted feature: DO termination statement which is not END DO or CONTINUE with label 70 at (1) Warning: Fortran 2018 deleted feature: DO termination statement which is not END DO or CONTINUE with label 60 at (1) Warning: Fortran 2018 deleted feature: DO termination statement which is not END DO or CONTINUE with label 55 at (1) Warning: Fortran 2018 deleted feature: DO termination statement which is not END DO or CONTINUE with label 75 at (1) Warning: Fortran 2018 deleted feature: DO termination statement which is not END DO or CONTINUE with label 80 at (1) Warning: Fortran 2018 deleted feature: DO termination statement which is not END DO or CONTINUE with label 85 at (1) Warning: Fortran 2018 deleted feature: DO termination statement which is not END DO or CONTINUE with label 100 at (1) Warning: Fortran 2018 deleted feature: DO termination statement which is not END DO or CONTINUE with label 105 at (1) Warning: Fortran 2018 deleted feature: DO termination statement which is not END DO or CONTINUE with label 110 at (1) Warning: Fortran 2018 deleted feature: DO termination statement which is not END DO or CONTINUE with label 115 at (1) Warning: Fortran 2018 deleted feature: DO termination statement which is not END DO or CONTINUE with label 130 at (1) Warning: Fortran 2018 deleted feature: DO termination statement which is not END DO or CONTINUE with label 90 at (1) Warning: Fortran 2018 deleted feature: DO termination statement which is not END DO or CONTINUE with label 95 at (1) Warning: Fortran 2018 deleted feature: DO termination statement which is not END DO or CONTINUE with label 120 at (1) Warning: Fortran 2018 deleted feature: DO termination statement which is not END DO or CONTINUE with label 125 at (1) Warning: Fortran 2018 deleted feature: DO termination statement which is not END DO or CONTINUE with label 135 at (1) Warning: Fortran 2018 deleted feature: DO termination statement which is not END DO or CONTINUE with label 140 at (1) Warning: Fortran 2018 deleted feature: DO termination statement which is not END DO or CONTINUE with label 145 at (1) Warning: Fortran 2018 deleted feature: Shared DO termination label 40 at (1) Warning: Fortran 2018 deleted feature: Shared DO termination label 50 at (1) Warning: Fortran 2018 deleted feature: DO termination statement which is not END DO or CONTINUE with label 5 at (1) Warning: Fortran 2018 deleted feature: DO termination statement which is not END DO or CONTINUE with label 7666 at (1) Warning: Fortran 2018 deleted feature: DO termination statement which is not END DO or CONTINUE with label 7 at (1) Warning: Fortran 2018 deleted feature: DO termination statement which is not END DO or CONTINUE with label 12 at (1) See ‘/home/hornik/tmp/R.check/r-patched-gcc/Work/PKGS/GeoModels.Rcheck/00install.out’ for details. * used C compiler: ‘gcc-13 (Debian 13.2.0-24) 13.2.0’ * used Fortran compiler: ‘GNU Fortran (Debian 13.2.0-24) 13.2.0’ Flavor: r-patched-linux-x86_64