CRAN Package Check Results for Package GPUmatrix

Last updated on 2025-01-21 11:48:24 CET.

Flavor Version Tinstall Tcheck Ttotal Status Flags
r-devel-linux-x86_64-debian-clang 1.0.2 14.77 92.90 107.67 NOTE
r-devel-linux-x86_64-debian-gcc 1.0.2 9.11 65.96 75.07 NOTE
r-devel-linux-x86_64-fedora-clang 1.0.2 177.43 OK
r-devel-linux-x86_64-fedora-gcc 1.0.2 177.29 OK
r-devel-windows-x86_64 1.0.2 18.00 113.00 131.00 NOTE
r-patched-linux-x86_64 1.0.2 17.76 87.19 104.95 OK
r-release-linux-x86_64 1.0.2 14.80 87.17 101.97 OK
r-release-macos-arm64 1.0.2 54.00 OK
r-release-macos-x86_64 1.0.2 87.00 OK
r-release-windows-x86_64 1.0.2 19.00 114.00 133.00 OK
r-oldrel-macos-arm64 1.0.2 60.00 OK
r-oldrel-macos-x86_64 1.0.2 157.00 OK
r-oldrel-windows-x86_64 1.0.2 19.00 135.00 154.00 OK

Check Details

Version: 1.0.2
Check: Rd cross-references
Result: NOTE Found the following Rd file(s) with Rd \link{} targets missing package anchors: LR_GradientConjugate_gpumatrix.Rd: Matrix-class gpu.matrix-class.Rd: Matrix-class gpu.matrix.Rd: Matrix-class matrix-product.Rd: %&% Please provide package anchors for all Rd \link{} targets not in the package itself and the base packages. Flavors: r-devel-linux-x86_64-debian-clang, r-devel-linux-x86_64-debian-gcc, r-devel-windows-x86_64