CRAN Package Check Results for Package FuzzyStatTraEOO

Last updated on 2024-06-15 00:54:06 CEST.

Flavor Version Tinstall Tcheck Ttotal Status Flags
r-devel-linux-x86_64-debian-clang 1.0 9.92 83.85 93.77 NOTE
r-devel-linux-x86_64-debian-gcc 1.0 7.49 57.96 65.45 NOTE
r-devel-linux-x86_64-fedora-clang 1.0 110.11 NOTE
r-devel-linux-x86_64-fedora-gcc 1.0 103.63 NOTE
r-devel-windows-x86_64 1.0 8.00 82.00 90.00 NOTE
r-patched-linux-x86_64 1.0 8.43 77.13 85.56 NOTE
r-release-linux-x86_64 1.0 8.58 76.21 84.79 NOTE
r-release-macos-arm64 1.0 30.00 OK
r-release-macos-x86_64 1.0 50.00 OK
r-release-windows-x86_64 1.0 7.00 85.00 92.00 NOTE
r-oldrel-macos-arm64 1.0 31.00 OK
r-oldrel-macos-x86_64 1.0 51.00 OK
r-oldrel-windows-x86_64 1.0 10.00 100.00 110.00 OK

Check Details

Version: 1.0
Check: HTML version of manual
Result: NOTE Found the following HTML validation problems: FuzzyNumberList.html:76:1 (FuzzyNumberList.Rd:285): Warning: trimming empty <ul> TrapezoidalFuzzyNumberList.html:118:1 (TrapezoidalFuzzyNumberList.Rd:572): Warning: trimming empty <ul> Flavors: r-devel-linux-x86_64-debian-clang, r-devel-linux-x86_64-debian-gcc, r-devel-linux-x86_64-fedora-clang, r-devel-linux-x86_64-fedora-gcc, r-devel-windows-x86_64, r-patched-linux-x86_64, r-release-linux-x86_64, r-release-windows-x86_64