CRAN Package Check Results for Package ForeCA

Last updated on 2024-07-16 16:52:50 CEST.

Flavor Version Tinstall Tcheck Ttotal Status Flags
r-devel-linux-x86_64-debian-clang 0.2.7 6.63 253.28 259.91 NOTE
r-devel-linux-x86_64-debian-gcc 0.2.7 4.45 157.63 162.08 NOTE
r-devel-linux-x86_64-fedora-clang 0.2.7 303.93 NOTE
r-devel-linux-x86_64-fedora-gcc 0.2.7 294.37 NOTE
r-devel-windows-x86_64 0.2.7 6.00 158.00 164.00 NOTE
r-patched-linux-x86_64 0.2.7 6.41 226.74 233.15 NOTE
r-release-linux-x86_64 0.2.7 6.25 232.28 238.53 NOTE
r-release-macos-arm64 0.2.7 68.00 NOTE
r-release-macos-x86_64 0.2.7 118.00 NOTE
r-release-windows-x86_64 0.2.7 6.00 161.00 167.00 NOTE
r-oldrel-macos-arm64 0.2.7 75.00 OK
r-oldrel-macos-x86_64 0.2.7 138.00 OK
r-oldrel-windows-x86_64 0.2.7 7.00 212.00 219.00 OK

Check Details

Version: 0.2.7
Check: Rd files
Result: NOTE checkRd: (-1) foreca.Rd:77: Lost braces in \itemize; \value handles \item{}{} directly checkRd: (-1) foreca.Rd:78-80: Lost braces in \itemize; \value handles \item{}{} directly checkRd: (-1) foreca.Rd:81-83: Lost braces in \itemize; \value handles \item{}{} directly checkRd: (-1) foreca.Rd:84-87: Lost braces in \itemize; \value handles \item{}{} directly checkRd: (-1) foreca.Rd:88-90: Lost braces in \itemize; \value handles \item{}{} directly checkRd: (-1) foreca.Rd:91-92: Lost braces in \itemize; \value handles \item{}{} directly checkRd: (-1) foreca.Rd:93: Lost braces in \itemize; \value handles \item{}{} directly checkRd: (-1) initialize_weightvector.Rd:53-54: Lost braces in \itemize; meant \describe ? checkRd: (-1) initialize_weightvector.Rd:55: Lost braces in \itemize; meant \describe ? checkRd: (-1) initialize_weightvector.Rd:56: Lost braces in \itemize; meant \describe ? checkRd: (-1) initialize_weightvector.Rd:57: Lost braces in \itemize; meant \describe ? checkRd: (-1) initialize_weightvector.Rd:58: Lost braces in \itemize; meant \describe ? checkRd: (-1) initialize_weightvector.Rd:59: Lost braces in \itemize; meant \describe ? checkRd: (-1) initialize_weightvector.Rd:60-61: Lost braces in \itemize; meant \describe ? checkRd: (-1) initialize_weightvector.Rd:62: Lost braces in \itemize; meant \describe ? checkRd: (-1) initialize_weightvector.Rd:63: Lost braces in \itemize; meant \describe ? checkRd: (-1) initialize_weightvector.Rd:64-65: Lost braces in \itemize; meant \describe ? Flavors: r-devel-linux-x86_64-debian-clang, r-devel-linux-x86_64-debian-gcc, r-devel-linux-x86_64-fedora-clang, r-devel-linux-x86_64-fedora-gcc, r-devel-windows-x86_64, r-patched-linux-x86_64, r-release-linux-x86_64, r-release-macos-arm64, r-release-macos-x86_64, r-release-windows-x86_64