CRAN Package Check Results for Package FER

Last updated on 2024-04-20 08:50:52 CEST.

Flavor Version Tinstall Tcheck Ttotal Status Flags
r-devel-linux-x86_64-debian-clang 0.94 2.89 27.44 30.33 NOTE
r-devel-linux-x86_64-debian-gcc 0.94 2.12 19.92 22.04 NOTE
r-devel-linux-x86_64-fedora-clang 0.94 36.40 NOTE
r-devel-linux-x86_64-fedora-gcc 0.94 35.05 NOTE
r-prerel-macos-arm64 0.94 15.00 NOTE
r-prerel-windows-x86_64 0.94 4.00 43.00 47.00 NOTE
r-patched-linux-x86_64 0.94 3.09 26.11 29.20 NOTE
r-release-linux-x86_64 0.94 2.47 25.87 28.34 NOTE
r-release-macos-arm64 0.94 16.00 NOTE
r-release-macos-x86_64 0.94 21.00 NOTE
r-release-windows-x86_64 0.94 3.00 44.00 47.00 NOTE
r-oldrel-macos-arm64 0.94 17.00 NOTE
r-oldrel-windows-x86_64 0.94 4.00 45.00 49.00 NOTE

Check Details

Version: 0.94
Check: LazyData
Result: NOTE 'LazyData' is specified without a 'data' directory Flavors: r-devel-linux-x86_64-debian-clang, r-devel-linux-x86_64-debian-gcc, r-devel-linux-x86_64-fedora-clang, r-devel-linux-x86_64-fedora-gcc, r-prerel-macos-arm64, r-prerel-windows-x86_64, r-patched-linux-x86_64, r-release-linux-x86_64, r-release-macos-arm64, r-release-macos-x86_64, r-release-windows-x86_64, r-oldrel-macos-arm64, r-oldrel-windows-x86_64