CRAN Package Check Results for Package FBN

Last updated on 2024-04-19 08:54:39 CEST.

Flavor Version Tinstall Tcheck Ttotal Status Flags
r-devel-linux-x86_64-debian-clang 1.5.2 3.42 28.47 31.89 NOTE
r-devel-linux-x86_64-debian-gcc 1.5.2 NOTE
r-devel-linux-x86_64-fedora-clang 1.5.2 38.83 NOTE
r-devel-linux-x86_64-fedora-gcc 1.5.2 37.54 NOTE
r-prerel-macos-arm64 1.5.2 15.00 NOTE
r-prerel-windows-x86_64 1.5.2 5.00 40.00 45.00 NOTE
r-patched-linux-x86_64 1.5.2 3.14 27.53 30.67 NOTE
r-release-linux-x86_64 1.5.2 2.74 27.17 29.91 OK
r-release-macos-arm64 1.5.2 16.00 OK
r-release-macos-x86_64 1.5.2 44.00 OK
r-release-windows-x86_64 1.5.2 5.00 41.00 46.00 OK
r-oldrel-macos-arm64 1.5.2 19.00 OK
r-oldrel-windows-x86_64 1.5.2 7.00 42.00 49.00 OK

Check Details

Version: 1.5.2
Check: Rd files
Result: NOTE checkRd: (-1) FBN.histogramMaxima.Rd:21: Lost braces in \itemize; meant \describe ? checkRd: (-1) FBN.histogramMaxima.Rd:22: Lost braces in \itemize; meant \describe ? checkRd: (-1) FBN.histogramMaxima.Rd:23: Lost braces in \itemize; meant \describe ? checkRd: (-1) FBN.histogramMaxima.Rd:24: Lost braces in \itemize; meant \describe ? checkRd: (-1) FBN.kmeans.Rd:19: Lost braces in \itemize; meant \describe ? checkRd: (-1) FBN.kmeans.Rd:20: Lost braces in \itemize; meant \describe ? checkRd: (-1) FBN.kmeans.Rd:21: Lost braces in \itemize; meant \describe ? checkRd: (-1) FBN.kmeans.Rd:22: Lost braces in \itemize; meant \describe ? checkRd: (-1) FBNormalization.Rd:25: Lost braces in \itemize; meant \describe ? checkRd: (-1) FBNormalization.Rd:26: Lost braces in \itemize; meant \describe ? checkRd: (-1) FBNormalization.Rd:27: Lost braces in \itemize; meant \describe ? checkRd: (-1) FBNormalization.Rd:28: Lost braces in \itemize; meant \describe ? checkRd: (-1) FBNormalization.Rd:29: Lost braces in \itemize; meant \describe ? checkRd: (-1) FBNormalization.Rd:34: Lost braces in \itemize; meant \describe ? checkRd: (-1) FBNormalization.Rd:35: Lost braces in \itemize; meant \describe ? checkRd: (-1) FBNormalization.Rd:36: Lost braces in \itemize; meant \describe ? checkRd: (-1) FBNormalization.Rd:37: Lost braces in \itemize; meant \describe ? checkRd: (-1) FBNormalization.Rd:38: Lost braces in \itemize; meant \describe ? checkRd: (-1) FBNormalization.Rd:39: Lost braces in \itemize; meant \describe ? checkRd: (-1) FBNormalization.Rd:40: Lost braces in \itemize; meant \describe ? Flavors: r-devel-linux-x86_64-debian-clang, r-devel-linux-x86_64-debian-gcc, r-devel-linux-x86_64-fedora-clang, r-devel-linux-x86_64-fedora-gcc, r-prerel-macos-arm64, r-prerel-windows-x86_64, r-patched-linux-x86_64