CRAN Package Check Results for Package DidacticBoost

Last updated on 2024-04-15 00:54:53 CEST.

Flavor Version Tinstall Tcheck Ttotal Status Flags
r-devel-linux-x86_64-debian-clang 0.1.1 1.92 23.13 25.05 NOTE
r-devel-linux-x86_64-debian-gcc 0.1.1 1.66 18.45 20.11 NOTE
r-devel-linux-x86_64-fedora-clang 0.1.1 33.23 NOTE
r-devel-linux-x86_64-fedora-gcc 0.1.1 30.94 NOTE
r-devel-windows-x86_64 0.1.1 3.00 40.00 43.00 NOTE
r-patched-linux-x86_64 0.1.1 2.21 22.84 25.05 NOTE
r-release-linux-x86_64 0.1.1 2.07 22.61 24.68 NOTE
r-release-macos-arm64 0.1.1 16.00 NOTE
r-release-macos-x86_64 0.1.1 21.00 NOTE
r-release-windows-x86_64 0.1.1 3.00 39.00 42.00 NOTE
r-oldrel-macos-arm64 0.1.1 18.00 NOTE
r-oldrel-windows-x86_64 0.1.1 3.00 44.00 47.00 NOTE

Check Details

Version: 0.1.1
Check: LazyData
Result: NOTE 'LazyData' is specified without a 'data' directory Flavors: r-devel-linux-x86_64-debian-clang, r-devel-linux-x86_64-debian-gcc, r-devel-linux-x86_64-fedora-clang, r-devel-linux-x86_64-fedora-gcc, r-devel-windows-x86_64, r-patched-linux-x86_64, r-release-linux-x86_64, r-release-macos-arm64, r-release-macos-x86_64, r-release-windows-x86_64, r-oldrel-macos-arm64, r-oldrel-windows-x86_64