CRAN Package Check Results for Package DetR

Last updated on 2024-07-25 16:46:11 CEST.

Flavor Version Tinstall Tcheck Ttotal Status Flags
r-devel-linux-x86_64-debian-clang 0.0.5 59.73 40.61 100.34 NOTE
r-devel-linux-x86_64-debian-gcc 0.0.5 45.11 34.17 79.28 NOTE
r-devel-linux-x86_64-fedora-clang 0.0.5 137.83 NOTE
r-devel-linux-x86_64-fedora-gcc 0.0.5 155.51 NOTE
r-devel-windows-x86_64 0.0.5 49.00 59.00 108.00 NOTE
r-patched-linux-x86_64 0.0.5 NOTE
r-release-linux-x86_64 0.0.5 47.96 43.37 91.33 NOTE
r-release-macos-arm64 0.0.5 38.00 NOTE
r-release-macos-x86_64 0.0.5 57.00 NOTE
r-release-windows-x86_64 0.0.5 45.00 59.00 104.00 NOTE
r-oldrel-macos-arm64 0.0.5 42.00 NOTE
r-oldrel-macos-x86_64 0.0.5 66.00 NOTE
r-oldrel-windows-x86_64 0.0.5 56.00 84.00 140.00 NOTE

Check Details

Version: 0.0.5
Check: C++ specification
Result: NOTE Specified C++11: please drop specification unless essential Flavors: r-devel-linux-x86_64-debian-clang, r-devel-linux-x86_64-debian-gcc, r-devel-linux-x86_64-fedora-clang, r-devel-linux-x86_64-fedora-gcc, r-devel-windows-x86_64, r-patched-linux-x86_64, r-release-linux-x86_64, r-release-macos-arm64, r-release-macos-x86_64, r-release-windows-x86_64, r-oldrel-macos-arm64, r-oldrel-macos-x86_64, r-oldrel-windows-x86_64

Version: 0.0.5
Check: Rd cross-references
Result: NOTE Found the following Rd file(s) with Rd \link{} targets missing package anchors: DetLTS.Rd: h.alpha.n OGKCStep.Rd: h.alpha.n Please provide package anchors for all Rd \link{} targets not in the package itself and the base packages. Flavors: r-devel-linux-x86_64-debian-gcc, r-devel-windows-x86_64

Version: 0.0.5
Check: installed package size
Result: NOTE installed size is 19.5Mb sub-directories of 1Mb or more: libs 18.7Mb Flavors: r-release-macos-arm64, r-release-macos-x86_64, r-oldrel-macos-arm64, r-oldrel-macos-x86_64