CRAN Package Check Results for Package DesignCTPB

Last updated on 2024-04-17 08:57:28 CEST.

Flavor Version Tinstall Tcheck Ttotal Status Flags
r-devel-linux-x86_64-debian-clang 1.1.3 2.84 32.80 35.64 NOTE
r-devel-linux-x86_64-debian-gcc 1.1.3 2.33 25.48 27.81 NOTE
r-devel-linux-x86_64-fedora-clang 1.1.3 48.76 NOTE
r-devel-linux-x86_64-fedora-gcc 1.1.3 57.53 NOTE
r-prerel-macos-arm64 1.1.3 25.00 NOTE
r-prerel-windows-x86_64 1.1.3 4.00 46.00 50.00 NOTE
r-patched-linux-x86_64 1.1.3 3.02 32.07 35.09 NOTE
r-release-linux-x86_64 1.1.3 2.98 30.20 33.18 OK
r-release-macos-arm64 1.1.3 24.00 OK
r-release-macos-x86_64 1.1.3 36.00 OK
r-release-windows-x86_64 1.1.3 5.00 48.00 53.00 OK
r-oldrel-macos-arm64 1.1.3 20.00 NOTE
r-oldrel-windows-x86_64 1.1.3 5.00 51.00 56.00 OK

Check Details

Version: 1.1.3
Check: Rd files
Result: NOTE checkRd: (-1) alpha.split.Rd:21: Lost braces; missing escapes or markup? 21 | \item{r}{vector for the proportion for each sub-population, r_1 is 1, r_i>r_{i+1}} | ^ checkRd: (-1) designCTPB.Rd:25: Lost braces; missing escapes or markup? 25 | \item{r_set}{the matrix of proportion for each sub-population, r_1 is 1, r_i>r_{i+1}} | ^ checkRd: (-1) phat.Rd:21: Lost braces; missing escapes or markup? 21 | \item{r}{vector for the proportion for each sub-population, r_1is 1, r_i>r_{i+1}} | ^ Flavors: r-devel-linux-x86_64-debian-clang, r-devel-linux-x86_64-debian-gcc, r-devel-linux-x86_64-fedora-clang, r-devel-linux-x86_64-fedora-gcc, r-prerel-macos-arm64, r-prerel-windows-x86_64, r-patched-linux-x86_64

Version: 1.1.3
Check: dependencies in R code
Result: NOTE Namespace in Imports field not imported from: ‘dplyr’ All declared Imports should be used. Flavors: r-devel-linux-x86_64-fedora-clang, r-devel-linux-x86_64-fedora-gcc, r-oldrel-macos-arm64